{"id":18049,"date":"2025-04-09T17:35:49","date_gmt":"2025-04-09T15:35:49","guid":{"rendered":"https:\/\/grapil.pl\/produkt\/uniwersalna-alba-komunijna\/"},"modified":"2025-04-09T17:35:50","modified_gmt":"2025-04-09T15:35:50","slug":"albe-der-universellen-kommunion","status":"publish","type":"product","link":"https:\/\/grapil.pl\/de\/produkt\/albe-der-universellen-kommunion\/","title":{"rendered":"Albe zur universellen Kommunion"},"content":{"rendered":"<p>Der Schnitt unserer Albe ist\u00a0<strong>zeitlos, elegant und schlicht<\/strong>\u00a0wodurch es nicht nur f\u00fcr ein perfektes Aussehen sorgt, sondern auch\u00a0<strong>Benutzerfreundlichkeit<\/strong>Alba schr\u00e4nkt die Bewegungen des Kindes nicht ein und passt dank entsprechend ausgew\u00e4hlter Materialien problemlos, unabh\u00e4ngig von der Figur des Kindes.<\/p>\n<p>Pr\u00e4sentiert\u00a0<strong>COMMUNION ALBA ist ein universelles Modell<\/strong>, geeignet f\u00fcr Jungen und M\u00e4dchen, ausgestattet mit einem eleganten\u00a0<strong>ein Umhang<\/strong>, dekoriert\u00a0<strong>goldenes liturgisches Band<\/strong>\u00a0Mit diesem Stoff haben wir auch die \u00c4rmel und den unteren Teil der Albe verziert. Zum Set geh\u00f6ren au\u00dferdem eine elegante Kordel in Wei\u00df oder Gold und eine aufgen\u00e4hte Hostie in Wei\u00df. F\u00fcr die Hostie in Gold f\u00e4llt ein Aufpreis an.<br \/>Die von uns hergestellten Alben haben in der Taille etwas Spielraum, sodass sie nach dem Binden der Kordel sehr gut passen.<\/p>\n<p><strong>Alben werden nach Ma\u00df gefertigt<\/strong>\u00a0Nach den vom Kunden angegebenen Ma\u00dfen, ohne Angabe der Taillenzugabe. Bitte messen Sie Ihr Kind sorgf\u00e4ltig und geben Sie die tats\u00e4chlichen Ma\u00dfe an.<\/p>\n<div class=\"_1bo4a _xu6h2 _1ylmp _2d49e_YrWCD\">\n<div class=\"_1voj4 _z9prt _1xzdi _ai5yc _5d6n2 _15lj1\">\n<div class=\"_4lbi0 _6kfrx _ur8qq _u5o1q _1xm8p _1agsg\">\n<div class=\"_18vat _10a7o _1yhvf _7ccvy\">\n<div class=\"_1fwkl\"><img decoding=\"async\" alt=\"\" class=\"_1qltd _2d49e_3B1Cq _qdoeh _l7nkx _1rcax _7qjq4 _2d49e_32cUf lazyloaded\" src=\"https:\/\/a.allegroimg.com\/original\/116394\/20c4ed09459f862783baac6bff24\" srcset=\"https:\/\/a.allegroimg.com\/s360\/116394\/20c4ed09459f862783baac6bff24 360w,https:\/\/a.allegroimg.com\/s720\/116394\/20c4ed09459f862783baac6bff24 720w,https:\/\/a.allegroimg.com\/s1024\/116394\/20c4ed09459f862783baac6bff24 1000w,https:\/\/a.allegroimg.com\/original\/116394\/20c4ed09459f862783baac6bff24 1000w\" width=\"1000\" \/><\/div>\n<\/p><\/div>\n<\/p><\/div>\n<\/p><\/div>\n<\/p><\/div>\n<div class=\"_1bo4a _xu6h2 _1ylmp _2d49e_YrWCD\">\n<div class=\"_1voj4 _z9prt _1xzdi _ai5yc _5d6n2 _15lj1\">\n<div class=\"_2d49e_5pK0q\">\n<h2><span style=\"font-size:18pt;\">Bitte geben Sie die genauen Ma\u00dfe an und w\u00e4hlen Sie die Farbe des Hosts:<\/span><\/h2>\n<ol>\n<li>Wei\u00dfe Hostie und goldene Kordel<\/li>\n<li>Goldene Hostie und goldene Kordel\u00a0<strong>(zus\u00e4tzliche Geb\u00fchr 25 PLN)<\/strong><\/li>\n<\/ol>\n<h1>Die Kosten f\u00fcr eine Albe in Sondergr\u00f6\u00dfe (nach Ma\u00df) betragen +30% vom Nettopreis<\/h1>\n<p>\u00a0<\/p>\n<p><img fetchpriority=\"high\" decoding=\"async\" alt=\"\" height=\"1040\" src=\"\/userdata\/public\/assets\/\/tabela%20alby.jpg\" width=\"1040\" \/><\/p>\n<\/p><\/div>\n<\/p><\/div>\n<\/p><\/div>","protected":false},"excerpt":{"rendered":"<p>Der Schnitt unserer Albe ist zeitlos, elegant und schlicht, was nicht nur eine perfekte Optik, sondern auch hohen Tragekomfort gew\u00e4hrleistet. Die Albe schr\u00e4nkt die Bewegungsfreiheit nicht ein.<\/p>","protected":false},"featured_media":18051,"template":"","meta":[],"product_brand":[127],"product_cat":[144],"product_tag":[],"class_list":{"0":"post-18049","1":"product","2":"type-product","3":"status-publish","4":"has-post-thumbnail","6":"product_brand-produkt-na-zamowienie","7":"product_cat-ubrania-komunijne","9":"first","10":"instock","11":"product-type-simple"},"yoast_head":"<!-- This site is optimized with the Yoast SEO plugin v25.3 - https:\/\/yoast.com\/wordpress\/plugins\/seo\/ -->\n<title>Uniwersalna alba komunijna - Grapil.pl \u2013 Profesjonalna Odzie\u017c S\u0142u\u017cbowa dla Bran\u017cy Kelnerskiej, HoReCa i Medycyny<\/title>\n<meta name=\"robots\" content=\"index, follow, max-snippet:-1, max-image-preview:large, max-video-preview:-1\" \/>\n<link rel=\"canonical\" href=\"https:\/\/grapil.pl\/de\/produkt\/albe-der-universellen-kommunion\/\" \/>\n<meta property=\"og:locale\" content=\"de_DE\" \/>\n<meta property=\"og:type\" content=\"article\" \/>\n<meta property=\"og:title\" content=\"Uniwersalna alba komunijna - Grapil.pl \u2013 Profesjonalna Odzie\u017c S\u0142u\u017cbowa dla Bran\u017cy Kelnerskiej, HoReCa i Medycyny\" \/>\n<meta property=\"og:description\" content=\"Kr\u00f3j naszej alby jest\u00a0ponadczasowy, elegancki i prosty\u00a0dzi\u0119ki czemu zapewnia nie tylko doskona\u0142y wygl\u0105d ale r\u00f3wnie\u017c\u00a0wygod\u0119 u\u017cytkowania. Alba nie kr\u0119puje ruch\u00f3w\" \/>\n<meta property=\"og:url\" content=\"https:\/\/grapil.pl\/de\/produkt\/albe-der-universellen-kommunion\/\" \/>\n<meta property=\"og:site_name\" content=\"Grapil.pl \u2013 Profesjonalna Odzie\u017c S\u0142u\u017cbowa dla Bran\u017cy Kelnerskiej, HoReCa i Medycyny\" \/>\n<meta property=\"article:modified_time\" content=\"2025-04-09T15:35:50+00:00\" \/>\n<meta property=\"og:image\" content=\"https:\/\/grapil.pl\/wp-content\/uploads\/2025\/04\/4445.jpg\" \/>\n\t<meta property=\"og:image:width\" content=\"720\" \/>\n\t<meta property=\"og:image:height\" content=\"720\" \/>\n\t<meta property=\"og:image:type\" content=\"image\/jpeg\" \/>\n<meta name=\"twitter:card\" content=\"summary_large_image\" \/>\n<meta name=\"twitter:label1\" content=\"Gesch\u00e4tzte Lesezeit\" \/>\n\t<meta name=\"twitter:data1\" content=\"1\u00a0Minute\" \/>\n<script type=\"application\/ld+json\" class=\"yoast-schema-graph\">{\"@context\":\"https:\/\/schema.org\",\"@graph\":[{\"@type\":\"WebPage\",\"@id\":\"https:\/\/grapil.pl\/produkt\/uniwersalna-alba-komunijna\/\",\"url\":\"https:\/\/grapil.pl\/produkt\/uniwersalna-alba-komunijna\/\",\"name\":\"Uniwersalna alba komunijna - Grapil.pl \u2013 Profesjonalna Odzie\u017c S\u0142u\u017cbowa dla Bran\u017cy Kelnerskiej, HoReCa i Medycyny\",\"isPartOf\":{\"@id\":\"https:\/\/grapil.pl\/#website\"},\"primaryImageOfPage\":{\"@id\":\"https:\/\/grapil.pl\/produkt\/uniwersalna-alba-komunijna\/#primaryimage\"},\"image\":{\"@id\":\"https:\/\/grapil.pl\/produkt\/uniwersalna-alba-komunijna\/#primaryimage\"},\"thumbnailUrl\":\"https:\/\/grapil.pl\/wp-content\/uploads\/2025\/04\/4445.jpg\",\"datePublished\":\"2025-04-09T15:35:49+00:00\",\"dateModified\":\"2025-04-09T15:35:50+00:00\",\"breadcrumb\":{\"@id\":\"https:\/\/grapil.pl\/produkt\/uniwersalna-alba-komunijna\/#breadcrumb\"},\"inLanguage\":\"de\",\"potentialAction\":[{\"@type\":\"ReadAction\",\"target\":[\"https:\/\/grapil.pl\/produkt\/uniwersalna-alba-komunijna\/\"]}]},{\"@type\":\"ImageObject\",\"inLanguage\":\"de\",\"@id\":\"https:\/\/grapil.pl\/produkt\/uniwersalna-alba-komunijna\/#primaryimage\",\"url\":\"https:\/\/grapil.pl\/wp-content\/uploads\/2025\/04\/4445.jpg\",\"contentUrl\":\"https:\/\/grapil.pl\/wp-content\/uploads\/2025\/04\/4445.jpg\",\"width\":720,\"height\":720},{\"@type\":\"BreadcrumbList\",\"@id\":\"https:\/\/grapil.pl\/produkt\/uniwersalna-alba-komunijna\/#breadcrumb\",\"itemListElement\":[{\"@type\":\"ListItem\",\"position\":1,\"name\":\"Strona g\u0142\u00f3wna\",\"item\":\"https:\/\/grapil.pl\/\"},{\"@type\":\"ListItem\",\"position\":2,\"name\":\"sklep\",\"item\":\"https:\/\/grapil.pl\/sklep\/\"},{\"@type\":\"ListItem\",\"position\":3,\"name\":\"Uniwersalna alba komunijna\"}]},{\"@type\":\"WebSite\",\"@id\":\"https:\/\/grapil.pl\/#website\",\"url\":\"https:\/\/grapil.pl\/\",\"name\":\"Grapil.pl \u2013 Profesjonalna Odzie\u017c S\u0142u\u017cbowa dla Bran\u017cy Kelnerskiej, HoReCa i Medycyny\",\"description\":\"\",\"potentialAction\":[{\"@type\":\"SearchAction\",\"target\":{\"@type\":\"EntryPoint\",\"urlTemplate\":\"https:\/\/grapil.pl\/?s={search_term_string}\"},\"query-input\":{\"@type\":\"PropertyValueSpecification\",\"valueRequired\":true,\"valueName\":\"search_term_string\"}}],\"inLanguage\":\"de\"}]}<\/script>\n<!-- \/ Yoast SEO plugin. -->","yoast_head_json":{"title":"Uniwersalna alba komunijna - Grapil.pl \u2013 Profesjonalna Odzie\u017c S\u0142u\u017cbowa dla Bran\u017cy Kelnerskiej, HoReCa i Medycyny","robots":{"index":"index","follow":"follow","max-snippet":"max-snippet:-1","max-image-preview":"max-image-preview:large","max-video-preview":"max-video-preview:-1"},"canonical":"https:\/\/grapil.pl\/de\/produkt\/albe-der-universellen-kommunion\/","og_locale":"de_DE","og_type":"article","og_title":"Uniwersalna alba komunijna - Grapil.pl \u2013 Profesjonalna Odzie\u017c S\u0142u\u017cbowa dla Bran\u017cy Kelnerskiej, HoReCa i Medycyny","og_description":"Kr\u00f3j naszej alby jest\u00a0ponadczasowy, elegancki i prosty\u00a0dzi\u0119ki czemu zapewnia nie tylko doskona\u0142y wygl\u0105d ale r\u00f3wnie\u017c\u00a0wygod\u0119 u\u017cytkowania. Alba nie kr\u0119puje ruch\u00f3w","og_url":"https:\/\/grapil.pl\/de\/produkt\/albe-der-universellen-kommunion\/","og_site_name":"Grapil.pl \u2013 Profesjonalna Odzie\u017c S\u0142u\u017cbowa dla Bran\u017cy Kelnerskiej, HoReCa i Medycyny","article_modified_time":"2025-04-09T15:35:50+00:00","og_image":[{"width":720,"height":720,"url":"https:\/\/grapil.pl\/wp-content\/uploads\/2025\/04\/4445.jpg","type":"image\/jpeg"}],"twitter_card":"summary_large_image","twitter_misc":{"Gesch\u00e4tzte Lesezeit":"1\u00a0Minute"},"schema":{"@context":"https:\/\/schema.org","@graph":[{"@type":"WebPage","@id":"https:\/\/grapil.pl\/produkt\/uniwersalna-alba-komunijna\/","url":"https:\/\/grapil.pl\/produkt\/uniwersalna-alba-komunijna\/","name":"Uniwersalna alba komunijna - Grapil.pl \u2013 Profesjonalna Odzie\u017c S\u0142u\u017cbowa dla Bran\u017cy Kelnerskiej, HoReCa i Medycyny","isPartOf":{"@id":"https:\/\/grapil.pl\/#website"},"primaryImageOfPage":{"@id":"https:\/\/grapil.pl\/produkt\/uniwersalna-alba-komunijna\/#primaryimage"},"image":{"@id":"https:\/\/grapil.pl\/produkt\/uniwersalna-alba-komunijna\/#primaryimage"},"thumbnailUrl":"https:\/\/grapil.pl\/wp-content\/uploads\/2025\/04\/4445.jpg","datePublished":"2025-04-09T15:35:49+00:00","dateModified":"2025-04-09T15:35:50+00:00","breadcrumb":{"@id":"https:\/\/grapil.pl\/produkt\/uniwersalna-alba-komunijna\/#breadcrumb"},"inLanguage":"de","potentialAction":[{"@type":"ReadAction","target":["https:\/\/grapil.pl\/produkt\/uniwersalna-alba-komunijna\/"]}]},{"@type":"ImageObject","inLanguage":"de","@id":"https:\/\/grapil.pl\/produkt\/uniwersalna-alba-komunijna\/#primaryimage","url":"https:\/\/grapil.pl\/wp-content\/uploads\/2025\/04\/4445.jpg","contentUrl":"https:\/\/grapil.pl\/wp-content\/uploads\/2025\/04\/4445.jpg","width":720,"height":720},{"@type":"BreadcrumbList","@id":"https:\/\/grapil.pl\/produkt\/uniwersalna-alba-komunijna\/#breadcrumb","itemListElement":[{"@type":"ListItem","position":1,"name":"Strona g\u0142\u00f3wna","item":"https:\/\/grapil.pl\/"},{"@type":"ListItem","position":2,"name":"sklep","item":"https:\/\/grapil.pl\/sklep\/"},{"@type":"ListItem","position":3,"name":"Uniwersalna alba komunijna"}]},{"@type":"WebSite","@id":"https:\/\/grapil.pl\/#website","url":"https:\/\/grapil.pl\/","name":"Grapil.pl \u2013 Profesjonalna Odzie\u017c S\u0142u\u017cbowa dla Bran\u017cy Kelnerskiej, HoReCa i Medycyny","description":"","potentialAction":[{"@type":"SearchAction","target":{"@type":"EntryPoint","urlTemplate":"https:\/\/grapil.pl\/?s={search_term_string}"},"query-input":{"@type":"PropertyValueSpecification","valueRequired":true,"valueName":"search_term_string"}}],"inLanguage":"de"}]}},"_links":{"self":[{"href":"https:\/\/grapil.pl\/de\/wp-json\/wp\/v2\/product\/18049","targetHints":{"allow":["GET"]}}],"collection":[{"href":"https:\/\/grapil.pl\/de\/wp-json\/wp\/v2\/product"}],"about":[{"href":"https:\/\/grapil.pl\/de\/wp-json\/wp\/v2\/types\/product"}],"version-history":[{"count":1,"href":"https:\/\/grapil.pl\/de\/wp-json\/wp\/v2\/product\/18049\/revisions"}],"predecessor-version":[{"id":18050,"href":"https:\/\/grapil.pl\/de\/wp-json\/wp\/v2\/product\/18049\/revisions\/18050"}],"wp:featuredmedia":[{"embeddable":true,"href":"https:\/\/grapil.pl\/de\/wp-json\/wp\/v2\/media\/18051"}],"wp:attachment":[{"href":"https:\/\/grapil.pl\/de\/wp-json\/wp\/v2\/media?parent=18049"}],"wp:term":[{"taxonomy":"product_brand","embeddable":true,"href":"https:\/\/grapil.pl\/de\/wp-json\/wp\/v2\/product_brand?post=18049"},{"taxonomy":"product_cat","embeddable":true,"href":"https:\/\/grapil.pl\/de\/wp-json\/wp\/v2\/product_cat?post=18049"},{"taxonomy":"product_tag","embeddable":true,"href":"https:\/\/grapil.pl\/de\/wp-json\/wp\/v2\/product_tag?post=18049"}],"curies":[{"name":"wp","href":"https:\/\/api.w.org\/{rel}","templated":true}]}}

<p>Der Schnitt unserer Albe ist <strong>zeitlos, elegant und schlicht</strong> wodurch es nicht nur für ein perfektes Aussehen sorgt, sondern auch <strong>Benutzerfreundlichkeit</strong>Alba schränkt die Bewegungen des Kindes nicht ein und passt dank entsprechend ausgewählter Materialien problemlos, unabhängig von der Figur des Kindes.</p>
<p>Präsentiert <strong>COMMUNION ALBA ist ein universelles Modell</strong>, geeignet für Jungen und Mädchen, ausgestattet mit einem eleganten <strong>ein Umhang</strong>, dekoriert <strong>goldenes liturgisches Band</strong> Mit diesem Stoff haben wir auch die Ärmel und den unteren Teil der Albe verziert. Zum Set gehören außerdem eine elegante Kordel in Weiß oder Gold und eine aufgenähte Hostie in Weiß. Für die Hostie in Gold fällt ein Aufpreis an.<br />Die von uns hergestellten Alben haben in der Taille etwas Spielraum, sodass sie nach dem Binden der Kordel sehr gut passen.</p>
<p><strong>Alben werden nach Maß gefertigt</strong> Nach den vom Kunden angegebenen Maßen, ohne Angabe der Taillenzugabe. Bitte messen Sie Ihr Kind sorgfältig und geben Sie die tatsächlichen Maße an.</p>
<div class="_1bo4a _xu6h2 _1ylmp _2d49e_YrWCD">
<div class="_1voj4 _z9prt _1xzdi _ai5yc _5d6n2 _15lj1">
<div class="_4lbi0 _6kfrx _ur8qq _u5o1q _1xm8p _1agsg">
<div class="_18vat _10a7o _1yhvf _7ccvy">
<div class="_1fwkl"><img decoding="async" alt="" class="_1qltd _2d49e_3B1Cq _qdoeh _l7nkx _1rcax _7qjq4 _2d49e_32cUf lazyloaded" src="https://a.allegroimg.com/original/116394/20c4ed09459f862783baac6bff24" srcset="https://a.allegroimg.com/s360/116394/20c4ed09459f862783baac6bff24 360w,https://a.allegroimg.com/s720/116394/20c4ed09459f862783baac6bff24 720w,https://a.allegroimg.com/s1024/116394/20c4ed09459f862783baac6bff24 1000w,https://a.allegroimg.com/original/116394/20c4ed09459f862783baac6bff24 1000w" width="1000" /></div>
</p></div>
</p></div>
</p></div>
</p></div>
<div class="_1bo4a _xu6h2 _1ylmp _2d49e_YrWCD">
<div class="_1voj4 _z9prt _1xzdi _ai5yc _5d6n2 _15lj1">
<div class="_2d49e_5pK0q">
<h2><span style="font-size:18pt;">Bitte geben Sie die genauen Maße an und wählen Sie die Farbe des Hosts:</span></h2>
<ol>
<li>Weiße Hostie und goldene Kordel</li>
<li>Goldene Hostie und goldene Kordel <strong>(zusätzliche Gebühr 25 PLN)</strong></li>
</ol>
<h1>Die Kosten für eine Albe in Sondergröße (nach Maß) betragen +30% vom Nettopreis</h1>
<p> </p>
<p><img fetchpriority="high" decoding="async" alt="" height="1040" src="/userdata/public/assets//tabela%20alby.jpg" width="1040" /></p>
</p></div>
</p></div>
</p></div>

<p>Der Schnitt unserer Albe ist zeitlos, elegant und schlicht, was nicht nur eine perfekte Optik, sondern auch hohen Tragekomfort gewährleistet. Die Albe schränkt die Bewegungsfreiheit nicht ein.</p>

<!-- This site is optimized with the Yoast SEO plugin v25.3 - https://yoast.com/wordpress/plugins/seo/ -->
<title>Uniwersalna alba komunijna - Grapil.pl – Profesjonalna Odzież Służbowa dla Branży Kelnerskiej, HoReCa i Medycyny</title>
<meta name="robots" content="index, follow, max-snippet:-1, max-image-preview:large, max-video-preview:-1" />
<link rel="canonical" href="https://grapil.pl/de/produkt/albe-der-universellen-kommunion/" />
<meta property="og:locale" content="de_DE" />
<meta property="og:type" content="article" />
<meta property="og:title" content="Uniwersalna alba komunijna - Grapil.pl – Profesjonalna Odzież Służbowa dla Branży Kelnerskiej, HoReCa i Medycyny" />
<meta property="og:description" content="Krój naszej alby jest ponadczasowy, elegancki i prosty dzięki czemu zapewnia nie tylko doskonały wygląd ale również wygodę użytkowania. Alba nie krępuje ruchów" />
<meta property="og:url" content="https://grapil.pl/de/produkt/albe-der-universellen-kommunion/" />
<meta property="og:site_name" content="Grapil.pl – Profesjonalna Odzież Służbowa dla Branży Kelnerskiej, HoReCa i Medycyny" />
<meta property="article:modified_time" content="2025-04-09T15:35:50+00:00" />
<meta property="og:image" content="https://grapil.pl/wp-content/uploads/2025/04/4445.jpg" />
	<meta property="og:image:width" content="720" />
	<meta property="og:image:height" content="720" />
	<meta property="og:image:type" content="image/jpeg" />
<meta name="twitter:card" content="summary_large_image" />
<meta name="twitter:label1" content="Geschätzte Lesezeit" />
	<meta name="twitter:data1" content="1 Minute" />
<script type="application/ld+json" class="yoast-schema-graph">{"@context":"https://schema.org","@graph":[{"@type":"WebPage","@id":"https://grapil.pl/produkt/uniwersalna-alba-komunijna/","url":"https://grapil.pl/produkt/uniwersalna-alba-komunijna/","name":"Uniwersalna alba komunijna - Grapil.pl – Profesjonalna Odzież Służbowa dla Branży Kelnerskiej, HoReCa i Medycyny","isPartOf":{"@id":"https://grapil.pl/#website"},"primaryImageOfPage":{"@id":"https://grapil.pl/produkt/uniwersalna-alba-komunijna/#primaryimage"},"image":{"@id":"https://grapil.pl/produkt/uniwersalna-alba-komunijna/#primaryimage"},"thumbnailUrl":"https://grapil.pl/wp-content/uploads/2025/04/4445.jpg","datePublished":"2025-04-09T15:35:49+00:00","dateModified":"2025-04-09T15:35:50+00:00","breadcrumb":{"@id":"https://grapil.pl/produkt/uniwersalna-alba-komunijna/#breadcrumb"},"inLanguage":"de","potentialAction":[{"@type":"ReadAction","target":["https://grapil.pl/produkt/uniwersalna-alba-komunijna/"]}]},{"@type":"ImageObject","inLanguage":"de","@id":"https://grapil.pl/produkt/uniwersalna-alba-komunijna/#primaryimage","url":"https://grapil.pl/wp-content/uploads/2025/04/4445.jpg","contentUrl":"https://grapil.pl/wp-content/uploads/2025/04/4445.jpg","width":720,"height":720},{"@type":"BreadcrumbList","@id":"https://grapil.pl/produkt/uniwersalna-alba-komunijna/#breadcrumb","itemListElement":[{"@type":"ListItem","position":1,"name":"Strona główna","item":"https://grapil.pl/"},{"@type":"ListItem","position":2,"name":"sklep","item":"https://grapil.pl/sklep/"},{"@type":"ListItem","position":3,"name":"Uniwersalna alba komunijna"}]},{"@type":"WebSite","@id":"https://grapil.pl/#website","url":"https://grapil.pl/","name":"Grapil.pl – Profesjonalna Odzież Służbowa dla Branży Kelnerskiej, HoReCa i Medycyny","description":"","potentialAction":[{"@type":"SearchAction","target":{"@type":"EntryPoint","urlTemplate":"https://grapil.pl/?s={search_term_string}"},"query-input":{"@type":"PropertyValueSpecification","valueRequired":true,"valueName":"search_term_string"}}],"inLanguage":"de"}]}</script>
<!-- / Yoast SEO plugin. -->

Uniwersalna alba komunijna - Grapil.pl – Profesjonalna Odzież Służbowa dla Branży Kelnerskiej, HoReCa i Medycyny

Krój naszej alby jest ponadczasowy, elegancki i prosty dzięki czemu zapewnia nie tylko doskonały wygląd ale również wygodę użytkowania. Alba nie krępuje ruchów

Grapil.pl – Profesjonalna Odzież Służbowa dla Branży Kelnerskiej, HoReCa i Medycyny

Strona główna
