{"id":18735,"date":"2025-04-09T17:38:25","date_gmt":"2025-04-09T15:38:25","guid":{"rendered":"https:\/\/grapil.pl\/produkt\/ocieplana-kurtka-robocza-professional\/"},"modified":"2025-04-09T17:38:34","modified_gmt":"2025-04-09T15:38:34","slug":"isolierte-arbeitsjacke-profi","status":"publish","type":"product","link":"https:\/\/grapil.pl\/de\/produkt\/isolierte-arbeitsjacke-profi\/","title":{"rendered":"Professionelle isolierte Arbeitsjacke"},"content":{"rendered":"<p><span style=\"font-size:12pt;\">Jacke\u00a0<strong>isolierte professionelle<\/strong>, mit ansprechendem Design und hervorragender Funktionalit\u00e4t.<\/span><\/p>\n<p>Hergestellt aus sehr strapazierf\u00e4higem Spezialgewebe 80% Polyester und 20% Baumwolle, sehr schwer<strong>\u00a0280 +\/- 10 Gramm\/m<sup>2<\/sup><\/strong>\u00a0und ein starkes, dichtes Gewebe.<\/p>\n<p><strong>\u00a0<\/strong><strong>Merkmal:<\/strong><\/p>\n<ul>\n<li>professionelle N\u00e4harbeit und \u00e4sthetische Verarbeitung<\/li>\n<li>Taillenl\u00e4nge<\/li>\n<li>Mit Stehkragen, Rei\u00dfverschluss und einer mit Druckkn\u00f6pfen befestigten Klappe<\/li>\n<li>erh\u00f6htes Isolationsgewicht, gen\u00e4htes Nylonfutter<\/li>\n<li>4 Taschen - 2 obere mit Klettverschlussklappen, 2 untere eingesetzte Taschen mit einem mit einer Falte abgedeckten Rei\u00dfverschluss und 1 Innentasche auf der linken Seite<\/li>\n<li>\u00c4rmel zus\u00e4tzlich an den Ellenbogen verst\u00e4rkt, mit einer Manschette mit verstellbarem Umfang abgeschlossen<\/li>\n<li>entsprechend gew\u00e4hlte Breite des Kragens, um einen Druck darunter in der richtigen H\u00f6he zu machen<\/li>\n<li>Die Unterseite des Sweatshirts ist mit einem G\u00fcrtel mit elastischen B\u00e4ndern an den Seiten versehen<\/li>\n<li>sehr geringes Einlaufen, auch nach mehrmaligem Waschen<\/li>\n<li>Farbstabilit\u00e4t<\/li>\n<\/ul>\n<p><strong>Farbe:<\/strong>\u00a0Stahl, schwarzer Hals, orange und schwarze Accessoires<\/p>","protected":false},"excerpt":{"rendered":"<p><span style=\"font-size:12pt;\">Jacke\u00a0<strong>isolierte professionelle<\/strong>, mit ansprechendem Design und hervorragender Funktionalit\u00e4t.<\/span><\/p>\n<p>Hergestellt aus sehr strapazierf\u00e4higem Spezialgewebe 80% Polyester und 20% Baumwolle, sehr schwer<strong>\u00a0280 +\/- 10 Gramm\/m<sup>2<\/sup><\/strong>\u00a0und ein starkes, dichtes Gewebe.<\/p>","protected":false},"featured_media":18737,"template":"","meta":[],"product_brand":[91],"product_cat":[86,92,123],"product_tag":[],"class_list":{"0":"post-18735","1":"product","2":"type-product","3":"status-publish","4":"has-post-thumbnail","6":"product_brand-artmas","7":"product_cat-sklepbhp","8":"product_cat-odziez-robocza","9":"product_cat-kurtki","11":"first","12":"instock","13":"product-type-simple"},"yoast_head":"<!-- This site is optimized with the Yoast SEO plugin v25.3 - https:\/\/yoast.com\/wordpress\/plugins\/seo\/ -->\n<title>Ocieplana kurtka robocza Professional - Grapil.pl \u2013 Profesjonalna Odzie\u017c S\u0142u\u017cbowa dla Bran\u017cy Kelnerskiej, HoReCa i Medycyny<\/title>\n<meta name=\"robots\" content=\"index, follow, max-snippet:-1, max-image-preview:large, max-video-preview:-1\" \/>\n<link rel=\"canonical\" href=\"https:\/\/grapil.pl\/de\/produkt\/isolierte-arbeitsjacke-profi\/\" \/>\n<meta property=\"og:locale\" content=\"de_DE\" \/>\n<meta property=\"og:type\" content=\"article\" \/>\n<meta property=\"og:title\" content=\"Ocieplana kurtka robocza Professional - Grapil.pl \u2013 Profesjonalna Odzie\u017c S\u0142u\u017cbowa dla Bran\u017cy Kelnerskiej, HoReCa i Medycyny\" \/>\n<meta property=\"og:description\" content=\"Kurtka\u00a0ocieplana professional, o atrakcyjnym wzornictwie i doskona\u0142ej funkcjonalno\u015bci. Wykonana z bardzo wytrzyma\u0142ej specjalistycznej takaniny 80% poliestru i \u00a020% bawe\u0142ny, o bardzo wysokiej gramaturze\u00a0280+\/-10\u00a0 gram\/m2\u00a0oraz mocnym zwartym splocie.\" \/>\n<meta property=\"og:url\" content=\"https:\/\/grapil.pl\/de\/produkt\/isolierte-arbeitsjacke-profi\/\" \/>\n<meta property=\"og:site_name\" content=\"Grapil.pl \u2013 Profesjonalna Odzie\u017c S\u0142u\u017cbowa dla Bran\u017cy Kelnerskiej, HoReCa i Medycyny\" \/>\n<meta property=\"article:modified_time\" content=\"2025-04-09T15:38:34+00:00\" \/>\n<meta property=\"og:image\" content=\"https:\/\/grapil.pl\/wp-content\/uploads\/2025\/04\/9739.jpg\" \/>\n\t<meta property=\"og:image:width\" content=\"700\" \/>\n\t<meta property=\"og:image:height\" content=\"700\" \/>\n\t<meta property=\"og:image:type\" content=\"image\/png\" \/>\n<meta name=\"twitter:card\" content=\"summary_large_image\" \/>\n<meta name=\"twitter:label1\" content=\"Gesch\u00e4tzte Lesezeit\" \/>\n\t<meta name=\"twitter:data1\" content=\"1\u00a0Minute\" \/>\n<script type=\"application\/ld+json\" class=\"yoast-schema-graph\">{\"@context\":\"https:\/\/schema.org\",\"@graph\":[{\"@type\":\"WebPage\",\"@id\":\"https:\/\/grapil.pl\/produkt\/ocieplana-kurtka-robocza-professional\/\",\"url\":\"https:\/\/grapil.pl\/produkt\/ocieplana-kurtka-robocza-professional\/\",\"name\":\"Ocieplana kurtka robocza Professional - Grapil.pl \u2013 Profesjonalna Odzie\u017c S\u0142u\u017cbowa dla Bran\u017cy Kelnerskiej, HoReCa i Medycyny\",\"isPartOf\":{\"@id\":\"https:\/\/grapil.pl\/#website\"},\"primaryImageOfPage\":{\"@id\":\"https:\/\/grapil.pl\/produkt\/ocieplana-kurtka-robocza-professional\/#primaryimage\"},\"image\":{\"@id\":\"https:\/\/grapil.pl\/produkt\/ocieplana-kurtka-robocza-professional\/#primaryimage\"},\"thumbnailUrl\":\"https:\/\/grapil.pl\/wp-content\/uploads\/2025\/04\/9739.jpg\",\"datePublished\":\"2025-04-09T15:38:25+00:00\",\"dateModified\":\"2025-04-09T15:38:34+00:00\",\"breadcrumb\":{\"@id\":\"https:\/\/grapil.pl\/produkt\/ocieplana-kurtka-robocza-professional\/#breadcrumb\"},\"inLanguage\":\"de\",\"potentialAction\":[{\"@type\":\"ReadAction\",\"target\":[\"https:\/\/grapil.pl\/produkt\/ocieplana-kurtka-robocza-professional\/\"]}]},{\"@type\":\"ImageObject\",\"inLanguage\":\"de\",\"@id\":\"https:\/\/grapil.pl\/produkt\/ocieplana-kurtka-robocza-professional\/#primaryimage\",\"url\":\"https:\/\/grapil.pl\/wp-content\/uploads\/2025\/04\/9739.jpg\",\"contentUrl\":\"https:\/\/grapil.pl\/wp-content\/uploads\/2025\/04\/9739.jpg\",\"width\":700,\"height\":700},{\"@type\":\"BreadcrumbList\",\"@id\":\"https:\/\/grapil.pl\/produkt\/ocieplana-kurtka-robocza-professional\/#breadcrumb\",\"itemListElement\":[{\"@type\":\"ListItem\",\"position\":1,\"name\":\"Strona g\u0142\u00f3wna\",\"item\":\"https:\/\/grapil.pl\/\"},{\"@type\":\"ListItem\",\"position\":2,\"name\":\"sklep\",\"item\":\"https:\/\/grapil.pl\/sklep\/\"},{\"@type\":\"ListItem\",\"position\":3,\"name\":\"Ocieplana kurtka robocza Professional\"}]},{\"@type\":\"WebSite\",\"@id\":\"https:\/\/grapil.pl\/#website\",\"url\":\"https:\/\/grapil.pl\/\",\"name\":\"Grapil.pl \u2013 Profesjonalna Odzie\u017c S\u0142u\u017cbowa dla Bran\u017cy Kelnerskiej, HoReCa i Medycyny\",\"description\":\"\",\"potentialAction\":[{\"@type\":\"SearchAction\",\"target\":{\"@type\":\"EntryPoint\",\"urlTemplate\":\"https:\/\/grapil.pl\/?s={search_term_string}\"},\"query-input\":{\"@type\":\"PropertyValueSpecification\",\"valueRequired\":true,\"valueName\":\"search_term_string\"}}],\"inLanguage\":\"de\"}]}<\/script>\n<!-- \/ Yoast SEO plugin. -->","yoast_head_json":{"title":"Ocieplana kurtka robocza Professional - Grapil.pl \u2013 Profesjonalna Odzie\u017c S\u0142u\u017cbowa dla Bran\u017cy Kelnerskiej, HoReCa i Medycyny","robots":{"index":"index","follow":"follow","max-snippet":"max-snippet:-1","max-image-preview":"max-image-preview:large","max-video-preview":"max-video-preview:-1"},"canonical":"https:\/\/grapil.pl\/de\/produkt\/isolierte-arbeitsjacke-profi\/","og_locale":"de_DE","og_type":"article","og_title":"Ocieplana kurtka robocza Professional - Grapil.pl \u2013 Profesjonalna Odzie\u017c S\u0142u\u017cbowa dla Bran\u017cy Kelnerskiej, HoReCa i Medycyny","og_description":"Kurtka\u00a0ocieplana professional, o atrakcyjnym wzornictwie i doskona\u0142ej funkcjonalno\u015bci. Wykonana z bardzo wytrzyma\u0142ej specjalistycznej takaniny 80% poliestru i \u00a020% bawe\u0142ny, o bardzo wysokiej gramaturze\u00a0280+\/-10\u00a0 gram\/m2\u00a0oraz mocnym zwartym splocie.","og_url":"https:\/\/grapil.pl\/de\/produkt\/isolierte-arbeitsjacke-profi\/","og_site_name":"Grapil.pl \u2013 Profesjonalna Odzie\u017c S\u0142u\u017cbowa dla Bran\u017cy Kelnerskiej, HoReCa i Medycyny","article_modified_time":"2025-04-09T15:38:34+00:00","og_image":[{"width":700,"height":700,"url":"https:\/\/grapil.pl\/wp-content\/uploads\/2025\/04\/9739.jpg","type":"image\/png"}],"twitter_card":"summary_large_image","twitter_misc":{"Gesch\u00e4tzte Lesezeit":"1\u00a0Minute"},"schema":{"@context":"https:\/\/schema.org","@graph":[{"@type":"WebPage","@id":"https:\/\/grapil.pl\/produkt\/ocieplana-kurtka-robocza-professional\/","url":"https:\/\/grapil.pl\/produkt\/ocieplana-kurtka-robocza-professional\/","name":"Ocieplana kurtka robocza Professional - Grapil.pl \u2013 Profesjonalna Odzie\u017c S\u0142u\u017cbowa dla Bran\u017cy Kelnerskiej, HoReCa i Medycyny","isPartOf":{"@id":"https:\/\/grapil.pl\/#website"},"primaryImageOfPage":{"@id":"https:\/\/grapil.pl\/produkt\/ocieplana-kurtka-robocza-professional\/#primaryimage"},"image":{"@id":"https:\/\/grapil.pl\/produkt\/ocieplana-kurtka-robocza-professional\/#primaryimage"},"thumbnailUrl":"https:\/\/grapil.pl\/wp-content\/uploads\/2025\/04\/9739.jpg","datePublished":"2025-04-09T15:38:25+00:00","dateModified":"2025-04-09T15:38:34+00:00","breadcrumb":{"@id":"https:\/\/grapil.pl\/produkt\/ocieplana-kurtka-robocza-professional\/#breadcrumb"},"inLanguage":"de","potentialAction":[{"@type":"ReadAction","target":["https:\/\/grapil.pl\/produkt\/ocieplana-kurtka-robocza-professional\/"]}]},{"@type":"ImageObject","inLanguage":"de","@id":"https:\/\/grapil.pl\/produkt\/ocieplana-kurtka-robocza-professional\/#primaryimage","url":"https:\/\/grapil.pl\/wp-content\/uploads\/2025\/04\/9739.jpg","contentUrl":"https:\/\/grapil.pl\/wp-content\/uploads\/2025\/04\/9739.jpg","width":700,"height":700},{"@type":"BreadcrumbList","@id":"https:\/\/grapil.pl\/produkt\/ocieplana-kurtka-robocza-professional\/#breadcrumb","itemListElement":[{"@type":"ListItem","position":1,"name":"Strona g\u0142\u00f3wna","item":"https:\/\/grapil.pl\/"},{"@type":"ListItem","position":2,"name":"sklep","item":"https:\/\/grapil.pl\/sklep\/"},{"@type":"ListItem","position":3,"name":"Ocieplana kurtka robocza Professional"}]},{"@type":"WebSite","@id":"https:\/\/grapil.pl\/#website","url":"https:\/\/grapil.pl\/","name":"Grapil.pl \u2013 Profesjonalna Odzie\u017c S\u0142u\u017cbowa dla Bran\u017cy Kelnerskiej, HoReCa i Medycyny","description":"","potentialAction":[{"@type":"SearchAction","target":{"@type":"EntryPoint","urlTemplate":"https:\/\/grapil.pl\/?s={search_term_string}"},"query-input":{"@type":"PropertyValueSpecification","valueRequired":true,"valueName":"search_term_string"}}],"inLanguage":"de"}]}},"_links":{"self":[{"href":"https:\/\/grapil.pl\/de\/wp-json\/wp\/v2\/product\/18735","targetHints":{"allow":["GET"]}}],"collection":[{"href":"https:\/\/grapil.pl\/de\/wp-json\/wp\/v2\/product"}],"about":[{"href":"https:\/\/grapil.pl\/de\/wp-json\/wp\/v2\/types\/product"}],"version-history":[{"count":1,"href":"https:\/\/grapil.pl\/de\/wp-json\/wp\/v2\/product\/18735\/revisions"}],"predecessor-version":[{"id":18736,"href":"https:\/\/grapil.pl\/de\/wp-json\/wp\/v2\/product\/18735\/revisions\/18736"}],"wp:featuredmedia":[{"embeddable":true,"href":"https:\/\/grapil.pl\/de\/wp-json\/wp\/v2\/media\/18737"}],"wp:attachment":[{"href":"https:\/\/grapil.pl\/de\/wp-json\/wp\/v2\/media?parent=18735"}],"wp:term":[{"taxonomy":"product_brand","embeddable":true,"href":"https:\/\/grapil.pl\/de\/wp-json\/wp\/v2\/product_brand?post=18735"},{"taxonomy":"product_cat","embeddable":true,"href":"https:\/\/grapil.pl\/de\/wp-json\/wp\/v2\/product_cat?post=18735"},{"taxonomy":"product_tag","embeddable":true,"href":"https:\/\/grapil.pl\/de\/wp-json\/wp\/v2\/product_tag?post=18735"}],"curies":[{"name":"wp","href":"https:\/\/api.w.org\/{rel}","templated":true}]}}

<p><span style="font-size:12pt;">Jacke <strong>isolierte professionelle</strong>, mit ansprechendem Design und hervorragender Funktionalität.</span></p>
<p>Hergestellt aus sehr strapazierfähigem Spezialgewebe 80% Polyester und 20% Baumwolle, sehr schwer<strong> 280 +/- 10 Gramm/m<sup>2</sup></strong> und ein starkes, dichtes Gewebe.</p>
<p><strong> </strong><strong>Merkmal:</strong></p>
<ul>
<li>professionelle Näharbeit und ästhetische Verarbeitung</li>
<li>Taillenlänge</li>
<li>Mit Stehkragen, Reißverschluss und einer mit Druckknöpfen befestigten Klappe</li>
<li>erhöhtes Isolationsgewicht, genähtes Nylonfutter</li>
<li>4 Taschen - 2 obere mit Klettverschlussklappen, 2 untere eingesetzte Taschen mit einem mit einer Falte abgedeckten Reißverschluss und 1 Innentasche auf der linken Seite</li>
<li>Ärmel zusätzlich an den Ellenbogen verstärkt, mit einer Manschette mit verstellbarem Umfang abgeschlossen</li>
<li>entsprechend gewählte Breite des Kragens, um einen Druck darunter in der richtigen Höhe zu machen</li>
<li>Die Unterseite des Sweatshirts ist mit einem Gürtel mit elastischen Bändern an den Seiten versehen</li>
<li>sehr geringes Einlaufen, auch nach mehrmaligem Waschen</li>
<li>Farbstabilität</li>
</ul>
<p><strong>Farbe:</strong> Stahl, schwarzer Hals, orange und schwarze Accessoires</p>

<p><span style="font-size:12pt;">Jacke <strong>isolierte professionelle</strong>, mit ansprechendem Design und hervorragender Funktionalität.</span></p>
<p>Hergestellt aus sehr strapazierfähigem Spezialgewebe 80% Polyester und 20% Baumwolle, sehr schwer<strong> 280 +/- 10 Gramm/m<sup>2</sup></strong> und ein starkes, dichtes Gewebe.</p>

<!-- This site is optimized with the Yoast SEO plugin v25.3 - https://yoast.com/wordpress/plugins/seo/ -->
<title>Ocieplana kurtka robocza Professional - Grapil.pl – Profesjonalna Odzież Służbowa dla Branży Kelnerskiej, HoReCa i Medycyny</title>
<meta name="robots" content="index, follow, max-snippet:-1, max-image-preview:large, max-video-preview:-1" />
<link rel="canonical" href="https://grapil.pl/de/produkt/isolierte-arbeitsjacke-profi/" />
<meta property="og:locale" content="de_DE" />
<meta property="og:type" content="article" />
<meta property="og:title" content="Ocieplana kurtka robocza Professional - Grapil.pl – Profesjonalna Odzież Służbowa dla Branży Kelnerskiej, HoReCa i Medycyny" />
<meta property="og:description" content="Kurtka ocieplana professional, o atrakcyjnym wzornictwie i doskonałej funkcjonalności. Wykonana z bardzo wytrzymałej specjalistycznej takaniny 80% poliestru i  20% bawełny, o bardzo wysokiej gramaturze 280+/-10  gram/m2 oraz mocnym zwartym splocie." />
<meta property="og:url" content="https://grapil.pl/de/produkt/isolierte-arbeitsjacke-profi/" />
<meta property="og:site_name" content="Grapil.pl – Profesjonalna Odzież Służbowa dla Branży Kelnerskiej, HoReCa i Medycyny" />
<meta property="article:modified_time" content="2025-04-09T15:38:34+00:00" />
<meta property="og:image" content="https://grapil.pl/wp-content/uploads/2025/04/9739.jpg" />
	<meta property="og:image:width" content="700" />
	<meta property="og:image:height" content="700" />
	<meta property="og:image:type" content="image/png" />
<meta name="twitter:card" content="summary_large_image" />
<meta name="twitter:label1" content="Geschätzte Lesezeit" />
	<meta name="twitter:data1" content="1 Minute" />
<script type="application/ld+json" class="yoast-schema-graph">{"@context":"https://schema.org","@graph":[{"@type":"WebPage","@id":"https://grapil.pl/produkt/ocieplana-kurtka-robocza-professional/","url":"https://grapil.pl/produkt/ocieplana-kurtka-robocza-professional/","name":"Ocieplana kurtka robocza Professional - Grapil.pl – Profesjonalna Odzież Służbowa dla Branży Kelnerskiej, HoReCa i Medycyny","isPartOf":{"@id":"https://grapil.pl/#website"},"primaryImageOfPage":{"@id":"https://grapil.pl/produkt/ocieplana-kurtka-robocza-professional/#primaryimage"},"image":{"@id":"https://grapil.pl/produkt/ocieplana-kurtka-robocza-professional/#primaryimage"},"thumbnailUrl":"https://grapil.pl/wp-content/uploads/2025/04/9739.jpg","datePublished":"2025-04-09T15:38:25+00:00","dateModified":"2025-04-09T15:38:34+00:00","breadcrumb":{"@id":"https://grapil.pl/produkt/ocieplana-kurtka-robocza-professional/#breadcrumb"},"inLanguage":"de","potentialAction":[{"@type":"ReadAction","target":["https://grapil.pl/produkt/ocieplana-kurtka-robocza-professional/"]}]},{"@type":"ImageObject","inLanguage":"de","@id":"https://grapil.pl/produkt/ocieplana-kurtka-robocza-professional/#primaryimage","url":"https://grapil.pl/wp-content/uploads/2025/04/9739.jpg","contentUrl":"https://grapil.pl/wp-content/uploads/2025/04/9739.jpg","width":700,"height":700},{"@type":"BreadcrumbList","@id":"https://grapil.pl/produkt/ocieplana-kurtka-robocza-professional/#breadcrumb","itemListElement":[{"@type":"ListItem","position":1,"name":"Strona główna","item":"https://grapil.pl/"},{"@type":"ListItem","position":2,"name":"sklep","item":"https://grapil.pl/sklep/"},{"@type":"ListItem","position":3,"name":"Ocieplana kurtka robocza Professional"}]},{"@type":"WebSite","@id":"https://grapil.pl/#website","url":"https://grapil.pl/","name":"Grapil.pl – Profesjonalna Odzież Służbowa dla Branży Kelnerskiej, HoReCa i Medycyny","description":"","potentialAction":[{"@type":"SearchAction","target":{"@type":"EntryPoint","urlTemplate":"https://grapil.pl/?s={search_term_string}"},"query-input":{"@type":"PropertyValueSpecification","valueRequired":true,"valueName":"search_term_string"}}],"inLanguage":"de"}]}</script>
<!-- / Yoast SEO plugin. -->

Ocieplana kurtka robocza Professional - Grapil.pl – Profesjonalna Odzież Służbowa dla Branży Kelnerskiej, HoReCa i Medycyny

Kurtka ocieplana professional, o atrakcyjnym wzornictwie i doskonałej funkcjonalności. Wykonana z bardzo wytrzymałej specjalistycznej takaniny 80% poliestru i  20% bawełny, o bardzo wysokiej gramaturze 280+/-10  gram/m2 oraz mocnym zwartym splocie.

Grapil.pl – Profesjonalna Odzież Służbowa dla Branży Kelnerskiej, HoReCa i Medycyny

Strona główna
