{"id":18966,"date":"2025-04-09T17:40:01","date_gmt":"2025-04-09T15:40:01","guid":{"rendered":"https:\/\/grapil.pl\/produkt\/polar-roboczy-300-czarny\/"},"modified":"2025-04-09T17:40:02","modified_gmt":"2025-04-09T15:40:02","slug":"arbeitsvlies-300-schwarz","status":"publish","type":"product","link":"https:\/\/grapil.pl\/de\/produkt\/arbeitsvlies-300-schwarz\/","title":{"rendered":"Arbeitsvlies 300 Schwarz"},"content":{"rendered":"<div class=\"_1voj4 _z9prt _1xzdi _ai5yc _5d6n2 _15lj1\">\n<div class=\"_2d49e_5pK0q\">\n<h1>Sweatshirt - Arbeitsfleece<\/h1>\n<h2>Sweatshirt aus hochwertigem Fleece 100% Polyester mit einem Gewicht von 300 g\/m2, weich, angenehm im Griff, pillingfrei.<\/h2>\n<p><strong>Merkmal:<\/strong><\/p>\n<ul>\n<li>mit Rei\u00dfverschluss befestigt,<\/li>\n<li>Weitenregulierung am unteren Ende des Sweatshirts durch einen speziellen Kordelzug,<\/li>\n<li>drei Taschen mit hochwertigem Rei\u00dfverschluss zum Schutz vor Wind,<\/li>\n<li>\u00c4rmel mit Manschetten abgeschlossen,<\/li>\n<li>Schwarze Fleeceeins\u00e4tze an den Seiten verleihen der Silhouette eine schlanke Optik.<\/li>\n<li>Genau auf Ihre Figur abgestimmte Sweatshirt-Ma\u00dfe<\/li>\n<li>Attraktives Design, \u00e4sthetische Verarbeitung,<\/li>\n<\/ul>\n<p><strong>Farbe: Schwarz<\/strong><\/p>\n<p><strong>CE Kat. I EN ISO 13688 : 2013<\/strong><\/p>\n<\/p><\/div>\n<\/p><\/div>\n<div class=\"_1voj4 _z9prt _1xzdi _ai5yc _5d6n2 _15lj1\">\u00a0<\/div>","protected":false},"excerpt":{"rendered":"<h1>Sweatshirt - Arbeitsfleece<\/h1>\n<h2>Sweatshirt aus hochwertigem Fleece 100% Polyester mit einem Gewicht von 300 g\/m2, weich, angenehm im Griff, pillingfrei.<\/h2>","protected":false},"featured_media":18968,"template":"","meta":[],"product_brand":[91],"product_cat":[86,92,100,120],"product_tag":[],"class_list":{"0":"post-18966","1":"product","2":"type-product","3":"status-publish","4":"has-post-thumbnail","6":"product_brand-artmas","7":"product_cat-sklepbhp","8":"product_cat-odziez-robocza","9":"product_cat-polary-i-bluzy-robocze","10":"product_cat-polary-i-bluzy-meskie","12":"first","13":"instock","14":"product-type-simple"},"yoast_head":"<!-- This site is optimized with the Yoast SEO plugin v25.3 - https:\/\/yoast.com\/wordpress\/plugins\/seo\/ -->\n<title>Polar roboczy 300 Czarny - Grapil.pl \u2013 Profesjonalna Odzie\u017c S\u0142u\u017cbowa dla Bran\u017cy Kelnerskiej, HoReCa i Medycyny<\/title>\n<meta name=\"robots\" content=\"index, follow, max-snippet:-1, max-image-preview:large, max-video-preview:-1\" \/>\n<link rel=\"canonical\" href=\"https:\/\/grapil.pl\/de\/produkt\/arbeitsvlies-300-schwarz\/\" \/>\n<meta property=\"og:locale\" content=\"de_DE\" \/>\n<meta property=\"og:type\" content=\"article\" \/>\n<meta property=\"og:title\" content=\"Polar roboczy 300 Czarny - Grapil.pl \u2013 Profesjonalna Odzie\u017c S\u0142u\u017cbowa dla Bran\u017cy Kelnerskiej, HoReCa i Medycyny\" \/>\n<meta property=\"og:description\" content=\"Bluza - polar roboczy Bluza wykonana z wysokiej jako\u015bci polaru 100% poliester o gramaturze 300 g\/m2 , mi\u0119kka, przyjemna w dotyku, nie mechaci si\u0119.\" \/>\n<meta property=\"og:url\" content=\"https:\/\/grapil.pl\/de\/produkt\/arbeitsvlies-300-schwarz\/\" \/>\n<meta property=\"og:site_name\" content=\"Grapil.pl \u2013 Profesjonalna Odzie\u017c S\u0142u\u017cbowa dla Bran\u017cy Kelnerskiej, HoReCa i Medycyny\" \/>\n<meta property=\"article:modified_time\" content=\"2025-04-09T15:40:02+00:00\" \/>\n<meta property=\"og:image\" content=\"https:\/\/grapil.pl\/wp-content\/uploads\/2025\/04\/10384.jpg\" \/>\n\t<meta property=\"og:image:width\" content=\"604\" \/>\n\t<meta property=\"og:image:height\" content=\"700\" \/>\n\t<meta property=\"og:image:type\" content=\"image\/png\" \/>\n<meta name=\"twitter:card\" content=\"summary_large_image\" \/>\n<script type=\"application\/ld+json\" class=\"yoast-schema-graph\">{\"@context\":\"https:\/\/schema.org\",\"@graph\":[{\"@type\":\"WebPage\",\"@id\":\"https:\/\/grapil.pl\/produkt\/polar-roboczy-300-czarny\/\",\"url\":\"https:\/\/grapil.pl\/produkt\/polar-roboczy-300-czarny\/\",\"name\":\"Polar roboczy 300 Czarny - Grapil.pl \u2013 Profesjonalna Odzie\u017c S\u0142u\u017cbowa dla Bran\u017cy Kelnerskiej, HoReCa i Medycyny\",\"isPartOf\":{\"@id\":\"https:\/\/grapil.pl\/#website\"},\"primaryImageOfPage\":{\"@id\":\"https:\/\/grapil.pl\/produkt\/polar-roboczy-300-czarny\/#primaryimage\"},\"image\":{\"@id\":\"https:\/\/grapil.pl\/produkt\/polar-roboczy-300-czarny\/#primaryimage\"},\"thumbnailUrl\":\"https:\/\/grapil.pl\/wp-content\/uploads\/2025\/04\/10384.jpg\",\"datePublished\":\"2025-04-09T15:40:01+00:00\",\"dateModified\":\"2025-04-09T15:40:02+00:00\",\"breadcrumb\":{\"@id\":\"https:\/\/grapil.pl\/produkt\/polar-roboczy-300-czarny\/#breadcrumb\"},\"inLanguage\":\"de\",\"potentialAction\":[{\"@type\":\"ReadAction\",\"target\":[\"https:\/\/grapil.pl\/produkt\/polar-roboczy-300-czarny\/\"]}]},{\"@type\":\"ImageObject\",\"inLanguage\":\"de\",\"@id\":\"https:\/\/grapil.pl\/produkt\/polar-roboczy-300-czarny\/#primaryimage\",\"url\":\"https:\/\/grapil.pl\/wp-content\/uploads\/2025\/04\/10384.jpg\",\"contentUrl\":\"https:\/\/grapil.pl\/wp-content\/uploads\/2025\/04\/10384.jpg\",\"width\":604,\"height\":700},{\"@type\":\"BreadcrumbList\",\"@id\":\"https:\/\/grapil.pl\/produkt\/polar-roboczy-300-czarny\/#breadcrumb\",\"itemListElement\":[{\"@type\":\"ListItem\",\"position\":1,\"name\":\"Strona g\u0142\u00f3wna\",\"item\":\"https:\/\/grapil.pl\/\"},{\"@type\":\"ListItem\",\"position\":2,\"name\":\"sklep\",\"item\":\"https:\/\/grapil.pl\/sklep\/\"},{\"@type\":\"ListItem\",\"position\":3,\"name\":\"Polar roboczy 300 Czarny\"}]},{\"@type\":\"WebSite\",\"@id\":\"https:\/\/grapil.pl\/#website\",\"url\":\"https:\/\/grapil.pl\/\",\"name\":\"Grapil.pl \u2013 Profesjonalna Odzie\u017c S\u0142u\u017cbowa dla Bran\u017cy Kelnerskiej, HoReCa i Medycyny\",\"description\":\"\",\"potentialAction\":[{\"@type\":\"SearchAction\",\"target\":{\"@type\":\"EntryPoint\",\"urlTemplate\":\"https:\/\/grapil.pl\/?s={search_term_string}\"},\"query-input\":{\"@type\":\"PropertyValueSpecification\",\"valueRequired\":true,\"valueName\":\"search_term_string\"}}],\"inLanguage\":\"de\"}]}<\/script>\n<!-- \/ Yoast SEO plugin. -->","yoast_head_json":{"title":"Polar roboczy 300 Czarny - Grapil.pl \u2013 Profesjonalna Odzie\u017c S\u0142u\u017cbowa dla Bran\u017cy Kelnerskiej, HoReCa i Medycyny","robots":{"index":"index","follow":"follow","max-snippet":"max-snippet:-1","max-image-preview":"max-image-preview:large","max-video-preview":"max-video-preview:-1"},"canonical":"https:\/\/grapil.pl\/de\/produkt\/arbeitsvlies-300-schwarz\/","og_locale":"de_DE","og_type":"article","og_title":"Polar roboczy 300 Czarny - Grapil.pl \u2013 Profesjonalna Odzie\u017c S\u0142u\u017cbowa dla Bran\u017cy Kelnerskiej, HoReCa i Medycyny","og_description":"Bluza - polar roboczy Bluza wykonana z wysokiej jako\u015bci polaru 100% poliester o gramaturze 300 g\/m2 , mi\u0119kka, przyjemna w dotyku, nie mechaci si\u0119.","og_url":"https:\/\/grapil.pl\/de\/produkt\/arbeitsvlies-300-schwarz\/","og_site_name":"Grapil.pl \u2013 Profesjonalna Odzie\u017c S\u0142u\u017cbowa dla Bran\u017cy Kelnerskiej, HoReCa i Medycyny","article_modified_time":"2025-04-09T15:40:02+00:00","og_image":[{"width":604,"height":700,"url":"https:\/\/grapil.pl\/wp-content\/uploads\/2025\/04\/10384.jpg","type":"image\/png"}],"twitter_card":"summary_large_image","schema":{"@context":"https:\/\/schema.org","@graph":[{"@type":"WebPage","@id":"https:\/\/grapil.pl\/produkt\/polar-roboczy-300-czarny\/","url":"https:\/\/grapil.pl\/produkt\/polar-roboczy-300-czarny\/","name":"Polar roboczy 300 Czarny - Grapil.pl \u2013 Profesjonalna Odzie\u017c S\u0142u\u017cbowa dla Bran\u017cy Kelnerskiej, HoReCa i Medycyny","isPartOf":{"@id":"https:\/\/grapil.pl\/#website"},"primaryImageOfPage":{"@id":"https:\/\/grapil.pl\/produkt\/polar-roboczy-300-czarny\/#primaryimage"},"image":{"@id":"https:\/\/grapil.pl\/produkt\/polar-roboczy-300-czarny\/#primaryimage"},"thumbnailUrl":"https:\/\/grapil.pl\/wp-content\/uploads\/2025\/04\/10384.jpg","datePublished":"2025-04-09T15:40:01+00:00","dateModified":"2025-04-09T15:40:02+00:00","breadcrumb":{"@id":"https:\/\/grapil.pl\/produkt\/polar-roboczy-300-czarny\/#breadcrumb"},"inLanguage":"de","potentialAction":[{"@type":"ReadAction","target":["https:\/\/grapil.pl\/produkt\/polar-roboczy-300-czarny\/"]}]},{"@type":"ImageObject","inLanguage":"de","@id":"https:\/\/grapil.pl\/produkt\/polar-roboczy-300-czarny\/#primaryimage","url":"https:\/\/grapil.pl\/wp-content\/uploads\/2025\/04\/10384.jpg","contentUrl":"https:\/\/grapil.pl\/wp-content\/uploads\/2025\/04\/10384.jpg","width":604,"height":700},{"@type":"BreadcrumbList","@id":"https:\/\/grapil.pl\/produkt\/polar-roboczy-300-czarny\/#breadcrumb","itemListElement":[{"@type":"ListItem","position":1,"name":"Strona g\u0142\u00f3wna","item":"https:\/\/grapil.pl\/"},{"@type":"ListItem","position":2,"name":"sklep","item":"https:\/\/grapil.pl\/sklep\/"},{"@type":"ListItem","position":3,"name":"Polar roboczy 300 Czarny"}]},{"@type":"WebSite","@id":"https:\/\/grapil.pl\/#website","url":"https:\/\/grapil.pl\/","name":"Grapil.pl \u2013 Profesjonalna Odzie\u017c S\u0142u\u017cbowa dla Bran\u017cy Kelnerskiej, HoReCa i Medycyny","description":"","potentialAction":[{"@type":"SearchAction","target":{"@type":"EntryPoint","urlTemplate":"https:\/\/grapil.pl\/?s={search_term_string}"},"query-input":{"@type":"PropertyValueSpecification","valueRequired":true,"valueName":"search_term_string"}}],"inLanguage":"de"}]}},"_links":{"self":[{"href":"https:\/\/grapil.pl\/de\/wp-json\/wp\/v2\/product\/18966","targetHints":{"allow":["GET"]}}],"collection":[{"href":"https:\/\/grapil.pl\/de\/wp-json\/wp\/v2\/product"}],"about":[{"href":"https:\/\/grapil.pl\/de\/wp-json\/wp\/v2\/types\/product"}],"version-history":[{"count":1,"href":"https:\/\/grapil.pl\/de\/wp-json\/wp\/v2\/product\/18966\/revisions"}],"predecessor-version":[{"id":18967,"href":"https:\/\/grapil.pl\/de\/wp-json\/wp\/v2\/product\/18966\/revisions\/18967"}],"wp:featuredmedia":[{"embeddable":true,"href":"https:\/\/grapil.pl\/de\/wp-json\/wp\/v2\/media\/18968"}],"wp:attachment":[{"href":"https:\/\/grapil.pl\/de\/wp-json\/wp\/v2\/media?parent=18966"}],"wp:term":[{"taxonomy":"product_brand","embeddable":true,"href":"https:\/\/grapil.pl\/de\/wp-json\/wp\/v2\/product_brand?post=18966"},{"taxonomy":"product_cat","embeddable":true,"href":"https:\/\/grapil.pl\/de\/wp-json\/wp\/v2\/product_cat?post=18966"},{"taxonomy":"product_tag","embeddable":true,"href":"https:\/\/grapil.pl\/de\/wp-json\/wp\/v2\/product_tag?post=18966"}],"curies":[{"name":"wp","href":"https:\/\/api.w.org\/{rel}","templated":true}]}}

<div class="_1voj4 _z9prt _1xzdi _ai5yc _5d6n2 _15lj1">
<div class="_2d49e_5pK0q">
<h1>Sweatshirt - Arbeitsfleece</h1>
<h2>Sweatshirt aus hochwertigem Fleece 100% Polyester mit einem Gewicht von 300 g/m2, weich, angenehm im Griff, pillingfrei.</h2>
<p><strong>Merkmal:</strong></p>
<ul>
<li>mit Reißverschluss befestigt,</li>
<li>Weitenregulierung am unteren Ende des Sweatshirts durch einen speziellen Kordelzug,</li>
<li>drei Taschen mit hochwertigem Reißverschluss zum Schutz vor Wind,</li>
<li>Ärmel mit Manschetten abgeschlossen,</li>
<li>Schwarze Fleeceeinsätze an den Seiten verleihen der Silhouette eine schlanke Optik.</li>
<li>Genau auf Ihre Figur abgestimmte Sweatshirt-Maße</li>
<li>Attraktives Design, ästhetische Verarbeitung,</li>
</ul>
<p><strong>Farbe: Schwarz</strong></p>
<p><strong>CE Kat. I EN ISO 13688 : 2013</strong></p>
</p></div>
</p></div>
<div class="_1voj4 _z9prt _1xzdi _ai5yc _5d6n2 _15lj1"> </div>

<!-- This site is optimized with the Yoast SEO plugin v25.3 - https://yoast.com/wordpress/plugins/seo/ -->
<title>Polar roboczy 300 Czarny - Grapil.pl – Profesjonalna Odzież Służbowa dla Branży Kelnerskiej, HoReCa i Medycyny</title>
<meta name="robots" content="index, follow, max-snippet:-1, max-image-preview:large, max-video-preview:-1" />
<link rel="canonical" href="https://grapil.pl/de/produkt/arbeitsvlies-300-schwarz/" />
<meta property="og:locale" content="de_DE" />
<meta property="og:type" content="article" />
<meta property="og:title" content="Polar roboczy 300 Czarny - Grapil.pl – Profesjonalna Odzież Służbowa dla Branży Kelnerskiej, HoReCa i Medycyny" />
<meta property="og:description" content="Bluza - polar roboczy Bluza wykonana z wysokiej jakości polaru 100% poliester o gramaturze 300 g/m2 , miękka, przyjemna w dotyku, nie mechaci się." />
<meta property="og:url" content="https://grapil.pl/de/produkt/arbeitsvlies-300-schwarz/" />
<meta property="og:site_name" content="Grapil.pl – Profesjonalna Odzież Służbowa dla Branży Kelnerskiej, HoReCa i Medycyny" />
<meta property="article:modified_time" content="2025-04-09T15:40:02+00:00" />
<meta property="og:image" content="https://grapil.pl/wp-content/uploads/2025/04/10384.jpg" />
	<meta property="og:image:width" content="604" />
	<meta property="og:image:height" content="700" />
	<meta property="og:image:type" content="image/png" />
<meta name="twitter:card" content="summary_large_image" />
<script type="application/ld+json" class="yoast-schema-graph">{"@context":"https://schema.org","@graph":[{"@type":"WebPage","@id":"https://grapil.pl/produkt/polar-roboczy-300-czarny/","url":"https://grapil.pl/produkt/polar-roboczy-300-czarny/","name":"Polar roboczy 300 Czarny - Grapil.pl – Profesjonalna Odzież Służbowa dla Branży Kelnerskiej, HoReCa i Medycyny","isPartOf":{"@id":"https://grapil.pl/#website"},"primaryImageOfPage":{"@id":"https://grapil.pl/produkt/polar-roboczy-300-czarny/#primaryimage"},"image":{"@id":"https://grapil.pl/produkt/polar-roboczy-300-czarny/#primaryimage"},"thumbnailUrl":"https://grapil.pl/wp-content/uploads/2025/04/10384.jpg","datePublished":"2025-04-09T15:40:01+00:00","dateModified":"2025-04-09T15:40:02+00:00","breadcrumb":{"@id":"https://grapil.pl/produkt/polar-roboczy-300-czarny/#breadcrumb"},"inLanguage":"de","potentialAction":[{"@type":"ReadAction","target":["https://grapil.pl/produkt/polar-roboczy-300-czarny/"]}]},{"@type":"ImageObject","inLanguage":"de","@id":"https://grapil.pl/produkt/polar-roboczy-300-czarny/#primaryimage","url":"https://grapil.pl/wp-content/uploads/2025/04/10384.jpg","contentUrl":"https://grapil.pl/wp-content/uploads/2025/04/10384.jpg","width":604,"height":700},{"@type":"BreadcrumbList","@id":"https://grapil.pl/produkt/polar-roboczy-300-czarny/#breadcrumb","itemListElement":[{"@type":"ListItem","position":1,"name":"Strona główna","item":"https://grapil.pl/"},{"@type":"ListItem","position":2,"name":"sklep","item":"https://grapil.pl/sklep/"},{"@type":"ListItem","position":3,"name":"Polar roboczy 300 Czarny"}]},{"@type":"WebSite","@id":"https://grapil.pl/#website","url":"https://grapil.pl/","name":"Grapil.pl – Profesjonalna Odzież Służbowa dla Branży Kelnerskiej, HoReCa i Medycyny","description":"","potentialAction":[{"@type":"SearchAction","target":{"@type":"EntryPoint","urlTemplate":"https://grapil.pl/?s={search_term_string}"},"query-input":{"@type":"PropertyValueSpecification","valueRequired":true,"valueName":"search_term_string"}}],"inLanguage":"de"}]}</script>
<!-- / Yoast SEO plugin. -->

Polar roboczy 300 Czarny - Grapil.pl – Profesjonalna Odzież Służbowa dla Branży Kelnerskiej, HoReCa i Medycyny

Bluza - polar roboczy Bluza wykonana z wysokiej jakości polaru 100% poliester o gramaturze 300 g/m2 , miękka, przyjemna w dotyku, nie mechaci się.

Grapil.pl – Profesjonalna Odzież Służbowa dla Branży Kelnerskiej, HoReCa i Medycyny

Strona główna
