{"id":18049,"date":"2025-04-09T17:35:49","date_gmt":"2025-04-09T15:35:49","guid":{"rendered":"https:\/\/grapil.pl\/produkt\/uniwersalna-alba-komunijna\/"},"modified":"2025-04-09T17:35:50","modified_gmt":"2025-04-09T15:35:50","slug":"universal-communion-alb","status":"publish","type":"product","link":"https:\/\/grapil.pl\/en\/product\/universal-communion-alb\/","title":{"rendered":"Universal communion alb"},"content":{"rendered":"<p>The cut of our alb is\u00a0<strong>timeless, elegant and simple<\/strong>\u00a0thanks to which it not only provides a perfect look but also\u00a0<strong>convenience of use<\/strong>. Alba does not restrict the child&#039;s movements, thanks to appropriately selected materials it fits without any problems regardless of the child&#039;s figure.<\/p>\n<p>Presented\u00a0<strong>COMMUNION ALBA is a universal model<\/strong>, suitable for both boys and girls, equipped with an elegant\u00a0<strong>a cape<\/strong>, decorated\u00a0<strong>golden liturgical ribbon<\/strong>\u00a0which we also used to decorate the sleeves and bottom of the alb. The set also includes an elegant cord in white or gold and a sewn-on host in white. The host in gold is subject to an additional fee.<br \/>The albs we produce have a little looseness in the waist, so after tying the string they fit very nicely.<\/p>\n<p><strong>Albs are made to measure<\/strong>\u00a0according to the dimensions provided by the customer without specifying the allowance used in the waist. Please measure your child carefully and provide the actual measurement.<\/p>\n<div class=\"_1bo4a _xu6h2 _1ylmp _2d49e_YrWCD\">\n<div class=\"_1voj4 _z9prt _1xzdi _ai5yc _5d6n2 _15lj1\">\n<div class=\"_4lbi0 _6kfrx _ur8qq _u5o1q _1xm8p _1agsg\">\n<div class=\"_18vat _10a7o _1yhvf _7ccvy\">\n<div class=\"_1fwkl\"><img decoding=\"async\" alt=\"\" class=\"_1qltd _2d49e_3B1Cq _qdoeh _l7nkx _1rcax _7qjq4 _2d49e_32cUf lazyloaded\" src=\"https:\/\/a.allegroimg.com\/original\/116394\/20c4ed09459f862783baac6bff24\" srcset=\"https:\/\/a.allegroimg.com\/s360\/116394\/20c4ed09459f862783baac6bff24 360w,https:\/\/a.allegroimg.com\/s720\/116394\/20c4ed09459f862783baac6bff24 720w,https:\/\/a.allegroimg.com\/s1024\/116394\/20c4ed09459f862783baac6bff24 1000w,https:\/\/a.allegroimg.com\/original\/116394\/20c4ed09459f862783baac6bff24 1000w\" width=\"1000\" \/><\/div>\n<\/p><\/div>\n<\/p><\/div>\n<\/p><\/div>\n<\/p><\/div>\n<div class=\"_1bo4a _xu6h2 _1ylmp _2d49e_YrWCD\">\n<div class=\"_1voj4 _z9prt _1xzdi _ai5yc _5d6n2 _15lj1\">\n<div class=\"_2d49e_5pK0q\">\n<h2><span style=\"font-size:18pt;\">Please provide the exact dimensions and choose the color of the host:<\/span><\/h2>\n<ol>\n<li>White host and gold cord<\/li>\n<li>Golden Host and Golden Cord\u00a0<strong>(additional fee 25 PLN)<\/strong><\/li>\n<\/ol>\n<h1>The cost of a custom size alb (made to measure) is +30% from the net price<\/h1>\n<p>\u00a0<\/p>\n<p><img fetchpriority=\"high\" decoding=\"async\" alt=\"\" height=\"1040\" src=\"\/userdata\/public\/assets\/\/tabela%20alby.jpg\" width=\"1040\" \/><\/p>\n<\/p><\/div>\n<\/p><\/div>\n<\/p><\/div>","protected":false},"excerpt":{"rendered":"<p>The cut of our alb is timeless, elegant and simple, which ensures not only a perfect look but also comfort of use. The alb does not restrict movement<\/p>","protected":false},"featured_media":18051,"template":"","meta":[],"product_brand":[127],"product_cat":[144],"product_tag":[],"class_list":{"0":"post-18049","1":"product","2":"type-product","3":"status-publish","4":"has-post-thumbnail","6":"product_brand-produkt-na-zamowienie","7":"product_cat-ubrania-komunijne","9":"first","10":"instock","11":"product-type-simple"},"yoast_head":"<!-- This site is optimized with the Yoast SEO plugin v25.3 - https:\/\/yoast.com\/wordpress\/plugins\/seo\/ -->\n<title>Uniwersalna alba komunijna - Grapil.pl \u2013 Profesjonalna Odzie\u017c S\u0142u\u017cbowa dla Bran\u017cy Kelnerskiej, HoReCa i Medycyny<\/title>\n<meta name=\"robots\" content=\"index, follow, max-snippet:-1, max-image-preview:large, max-video-preview:-1\" \/>\n<link rel=\"canonical\" href=\"https:\/\/grapil.pl\/en\/product\/universal-communion-alb\/\" \/>\n<meta property=\"og:locale\" content=\"en_GB\" \/>\n<meta property=\"og:type\" content=\"article\" \/>\n<meta property=\"og:title\" content=\"Uniwersalna alba komunijna - Grapil.pl \u2013 Profesjonalna Odzie\u017c S\u0142u\u017cbowa dla Bran\u017cy Kelnerskiej, HoReCa i Medycyny\" \/>\n<meta property=\"og:description\" content=\"Kr\u00f3j naszej alby jest\u00a0ponadczasowy, elegancki i prosty\u00a0dzi\u0119ki czemu zapewnia nie tylko doskona\u0142y wygl\u0105d ale r\u00f3wnie\u017c\u00a0wygod\u0119 u\u017cytkowania. Alba nie kr\u0119puje ruch\u00f3w\" \/>\n<meta property=\"og:url\" content=\"https:\/\/grapil.pl\/en\/product\/universal-communion-alb\/\" \/>\n<meta property=\"og:site_name\" content=\"Grapil.pl \u2013 Profesjonalna Odzie\u017c S\u0142u\u017cbowa dla Bran\u017cy Kelnerskiej, HoReCa i Medycyny\" \/>\n<meta property=\"article:modified_time\" content=\"2025-04-09T15:35:50+00:00\" \/>\n<meta property=\"og:image\" content=\"https:\/\/grapil.pl\/wp-content\/uploads\/2025\/04\/4445.jpg\" \/>\n\t<meta property=\"og:image:width\" content=\"720\" \/>\n\t<meta property=\"og:image:height\" content=\"720\" \/>\n\t<meta property=\"og:image:type\" content=\"image\/jpeg\" \/>\n<meta name=\"twitter:card\" content=\"summary_large_image\" \/>\n<meta name=\"twitter:label1\" content=\"Estimated reading time\" \/>\n\t<meta name=\"twitter:data1\" content=\"1 minute\" \/>\n<script type=\"application\/ld+json\" class=\"yoast-schema-graph\">{\"@context\":\"https:\/\/schema.org\",\"@graph\":[{\"@type\":\"WebPage\",\"@id\":\"https:\/\/grapil.pl\/produkt\/uniwersalna-alba-komunijna\/\",\"url\":\"https:\/\/grapil.pl\/produkt\/uniwersalna-alba-komunijna\/\",\"name\":\"Uniwersalna alba komunijna - Grapil.pl \u2013 Profesjonalna Odzie\u017c S\u0142u\u017cbowa dla Bran\u017cy Kelnerskiej, HoReCa i Medycyny\",\"isPartOf\":{\"@id\":\"https:\/\/grapil.pl\/#website\"},\"primaryImageOfPage\":{\"@id\":\"https:\/\/grapil.pl\/produkt\/uniwersalna-alba-komunijna\/#primaryimage\"},\"image\":{\"@id\":\"https:\/\/grapil.pl\/produkt\/uniwersalna-alba-komunijna\/#primaryimage\"},\"thumbnailUrl\":\"https:\/\/grapil.pl\/wp-content\/uploads\/2025\/04\/4445.jpg\",\"datePublished\":\"2025-04-09T15:35:49+00:00\",\"dateModified\":\"2025-04-09T15:35:50+00:00\",\"breadcrumb\":{\"@id\":\"https:\/\/grapil.pl\/produkt\/uniwersalna-alba-komunijna\/#breadcrumb\"},\"inLanguage\":\"en-GB\",\"potentialAction\":[{\"@type\":\"ReadAction\",\"target\":[\"https:\/\/grapil.pl\/produkt\/uniwersalna-alba-komunijna\/\"]}]},{\"@type\":\"ImageObject\",\"inLanguage\":\"en-GB\",\"@id\":\"https:\/\/grapil.pl\/produkt\/uniwersalna-alba-komunijna\/#primaryimage\",\"url\":\"https:\/\/grapil.pl\/wp-content\/uploads\/2025\/04\/4445.jpg\",\"contentUrl\":\"https:\/\/grapil.pl\/wp-content\/uploads\/2025\/04\/4445.jpg\",\"width\":720,\"height\":720},{\"@type\":\"BreadcrumbList\",\"@id\":\"https:\/\/grapil.pl\/produkt\/uniwersalna-alba-komunijna\/#breadcrumb\",\"itemListElement\":[{\"@type\":\"ListItem\",\"position\":1,\"name\":\"Strona g\u0142\u00f3wna\",\"item\":\"https:\/\/grapil.pl\/\"},{\"@type\":\"ListItem\",\"position\":2,\"name\":\"sklep\",\"item\":\"https:\/\/grapil.pl\/sklep\/\"},{\"@type\":\"ListItem\",\"position\":3,\"name\":\"Uniwersalna alba komunijna\"}]},{\"@type\":\"WebSite\",\"@id\":\"https:\/\/grapil.pl\/#website\",\"url\":\"https:\/\/grapil.pl\/\",\"name\":\"Grapil.pl \u2013 Profesjonalna Odzie\u017c S\u0142u\u017cbowa dla Bran\u017cy Kelnerskiej, HoReCa i Medycyny\",\"description\":\"\",\"potentialAction\":[{\"@type\":\"SearchAction\",\"target\":{\"@type\":\"EntryPoint\",\"urlTemplate\":\"https:\/\/grapil.pl\/?s={search_term_string}\"},\"query-input\":{\"@type\":\"PropertyValueSpecification\",\"valueRequired\":true,\"valueName\":\"search_term_string\"}}],\"inLanguage\":\"en-GB\"}]}<\/script>\n<!-- \/ Yoast SEO plugin. -->","yoast_head_json":{"title":"Uniwersalna alba komunijna - Grapil.pl \u2013 Profesjonalna Odzie\u017c S\u0142u\u017cbowa dla Bran\u017cy Kelnerskiej, HoReCa i Medycyny","robots":{"index":"index","follow":"follow","max-snippet":"max-snippet:-1","max-image-preview":"max-image-preview:large","max-video-preview":"max-video-preview:-1"},"canonical":"https:\/\/grapil.pl\/en\/product\/universal-communion-alb\/","og_locale":"en_GB","og_type":"article","og_title":"Uniwersalna alba komunijna - Grapil.pl \u2013 Profesjonalna Odzie\u017c S\u0142u\u017cbowa dla Bran\u017cy Kelnerskiej, HoReCa i Medycyny","og_description":"Kr\u00f3j naszej alby jest\u00a0ponadczasowy, elegancki i prosty\u00a0dzi\u0119ki czemu zapewnia nie tylko doskona\u0142y wygl\u0105d ale r\u00f3wnie\u017c\u00a0wygod\u0119 u\u017cytkowania. Alba nie kr\u0119puje ruch\u00f3w","og_url":"https:\/\/grapil.pl\/en\/product\/universal-communion-alb\/","og_site_name":"Grapil.pl \u2013 Profesjonalna Odzie\u017c S\u0142u\u017cbowa dla Bran\u017cy Kelnerskiej, HoReCa i Medycyny","article_modified_time":"2025-04-09T15:35:50+00:00","og_image":[{"width":720,"height":720,"url":"https:\/\/grapil.pl\/wp-content\/uploads\/2025\/04\/4445.jpg","type":"image\/jpeg"}],"twitter_card":"summary_large_image","twitter_misc":{"Estimated reading time":"1 minute"},"schema":{"@context":"https:\/\/schema.org","@graph":[{"@type":"WebPage","@id":"https:\/\/grapil.pl\/produkt\/uniwersalna-alba-komunijna\/","url":"https:\/\/grapil.pl\/produkt\/uniwersalna-alba-komunijna\/","name":"Uniwersalna alba komunijna - Grapil.pl \u2013 Profesjonalna Odzie\u017c S\u0142u\u017cbowa dla Bran\u017cy Kelnerskiej, HoReCa i Medycyny","isPartOf":{"@id":"https:\/\/grapil.pl\/#website"},"primaryImageOfPage":{"@id":"https:\/\/grapil.pl\/produkt\/uniwersalna-alba-komunijna\/#primaryimage"},"image":{"@id":"https:\/\/grapil.pl\/produkt\/uniwersalna-alba-komunijna\/#primaryimage"},"thumbnailUrl":"https:\/\/grapil.pl\/wp-content\/uploads\/2025\/04\/4445.jpg","datePublished":"2025-04-09T15:35:49+00:00","dateModified":"2025-04-09T15:35:50+00:00","breadcrumb":{"@id":"https:\/\/grapil.pl\/produkt\/uniwersalna-alba-komunijna\/#breadcrumb"},"inLanguage":"en-GB","potentialAction":[{"@type":"ReadAction","target":["https:\/\/grapil.pl\/produkt\/uniwersalna-alba-komunijna\/"]}]},{"@type":"ImageObject","inLanguage":"en-GB","@id":"https:\/\/grapil.pl\/produkt\/uniwersalna-alba-komunijna\/#primaryimage","url":"https:\/\/grapil.pl\/wp-content\/uploads\/2025\/04\/4445.jpg","contentUrl":"https:\/\/grapil.pl\/wp-content\/uploads\/2025\/04\/4445.jpg","width":720,"height":720},{"@type":"BreadcrumbList","@id":"https:\/\/grapil.pl\/produkt\/uniwersalna-alba-komunijna\/#breadcrumb","itemListElement":[{"@type":"ListItem","position":1,"name":"Strona g\u0142\u00f3wna","item":"https:\/\/grapil.pl\/"},{"@type":"ListItem","position":2,"name":"sklep","item":"https:\/\/grapil.pl\/sklep\/"},{"@type":"ListItem","position":3,"name":"Uniwersalna alba komunijna"}]},{"@type":"WebSite","@id":"https:\/\/grapil.pl\/#website","url":"https:\/\/grapil.pl\/","name":"Grapil.pl \u2013 Profesjonalna Odzie\u017c S\u0142u\u017cbowa dla Bran\u017cy Kelnerskiej, HoReCa i Medycyny","description":"","potentialAction":[{"@type":"SearchAction","target":{"@type":"EntryPoint","urlTemplate":"https:\/\/grapil.pl\/?s={search_term_string}"},"query-input":{"@type":"PropertyValueSpecification","valueRequired":true,"valueName":"search_term_string"}}],"inLanguage":"en-GB"}]}},"_links":{"self":[{"href":"https:\/\/grapil.pl\/en\/wp-json\/wp\/v2\/product\/18049","targetHints":{"allow":["GET"]}}],"collection":[{"href":"https:\/\/grapil.pl\/en\/wp-json\/wp\/v2\/product"}],"about":[{"href":"https:\/\/grapil.pl\/en\/wp-json\/wp\/v2\/types\/product"}],"version-history":[{"count":1,"href":"https:\/\/grapil.pl\/en\/wp-json\/wp\/v2\/product\/18049\/revisions"}],"predecessor-version":[{"id":18050,"href":"https:\/\/grapil.pl\/en\/wp-json\/wp\/v2\/product\/18049\/revisions\/18050"}],"wp:featuredmedia":[{"embeddable":true,"href":"https:\/\/grapil.pl\/en\/wp-json\/wp\/v2\/media\/18051"}],"wp:attachment":[{"href":"https:\/\/grapil.pl\/en\/wp-json\/wp\/v2\/media?parent=18049"}],"wp:term":[{"taxonomy":"product_brand","embeddable":true,"href":"https:\/\/grapil.pl\/en\/wp-json\/wp\/v2\/product_brand?post=18049"},{"taxonomy":"product_cat","embeddable":true,"href":"https:\/\/grapil.pl\/en\/wp-json\/wp\/v2\/product_cat?post=18049"},{"taxonomy":"product_tag","embeddable":true,"href":"https:\/\/grapil.pl\/en\/wp-json\/wp\/v2\/product_tag?post=18049"}],"curies":[{"name":"wp","href":"https:\/\/api.w.org\/{rel}","templated":true}]}}

<!-- This site is optimized with the Yoast SEO plugin v25.3 - https://yoast.com/wordpress/plugins/seo/ -->
<title>Uniwersalna alba komunijna - Grapil.pl – Profesjonalna Odzież Służbowa dla Branży Kelnerskiej, HoReCa i Medycyny</title>
<meta name="robots" content="index, follow, max-snippet:-1, max-image-preview:large, max-video-preview:-1" />
<link rel="canonical" href="https://grapil.pl/en/product/universal-communion-alb/" />
<meta property="og:locale" content="en_GB" />
<meta property="og:type" content="article" />
<meta property="og:title" content="Uniwersalna alba komunijna - Grapil.pl – Profesjonalna Odzież Służbowa dla Branży Kelnerskiej, HoReCa i Medycyny" />
<meta property="og:description" content="Krój naszej alby jest ponadczasowy, elegancki i prosty dzięki czemu zapewnia nie tylko doskonały wygląd ale również wygodę użytkowania. Alba nie krępuje ruchów" />
<meta property="og:url" content="https://grapil.pl/en/product/universal-communion-alb/" />
<meta property="og:site_name" content="Grapil.pl – Profesjonalna Odzież Służbowa dla Branży Kelnerskiej, HoReCa i Medycyny" />
<meta property="article:modified_time" content="2025-04-09T15:35:50+00:00" />
<meta property="og:image" content="https://grapil.pl/wp-content/uploads/2025/04/4445.jpg" />
	<meta property="og:image:width" content="720" />
	<meta property="og:image:height" content="720" />
	<meta property="og:image:type" content="image/jpeg" />
<meta name="twitter:card" content="summary_large_image" />
<meta name="twitter:label1" content="Estimated reading time" />
	<meta name="twitter:data1" content="1 minute" />
<script type="application/ld+json" class="yoast-schema-graph">{"@context":"https://schema.org","@graph":[{"@type":"WebPage","@id":"https://grapil.pl/produkt/uniwersalna-alba-komunijna/","url":"https://grapil.pl/produkt/uniwersalna-alba-komunijna/","name":"Uniwersalna alba komunijna - Grapil.pl – Profesjonalna Odzież Służbowa dla Branży Kelnerskiej, HoReCa i Medycyny","isPartOf":{"@id":"https://grapil.pl/#website"},"primaryImageOfPage":{"@id":"https://grapil.pl/produkt/uniwersalna-alba-komunijna/#primaryimage"},"image":{"@id":"https://grapil.pl/produkt/uniwersalna-alba-komunijna/#primaryimage"},"thumbnailUrl":"https://grapil.pl/wp-content/uploads/2025/04/4445.jpg","datePublished":"2025-04-09T15:35:49+00:00","dateModified":"2025-04-09T15:35:50+00:00","breadcrumb":{"@id":"https://grapil.pl/produkt/uniwersalna-alba-komunijna/#breadcrumb"},"inLanguage":"en-GB","potentialAction":[{"@type":"ReadAction","target":["https://grapil.pl/produkt/uniwersalna-alba-komunijna/"]}]},{"@type":"ImageObject","inLanguage":"en-GB","@id":"https://grapil.pl/produkt/uniwersalna-alba-komunijna/#primaryimage","url":"https://grapil.pl/wp-content/uploads/2025/04/4445.jpg","contentUrl":"https://grapil.pl/wp-content/uploads/2025/04/4445.jpg","width":720,"height":720},{"@type":"BreadcrumbList","@id":"https://grapil.pl/produkt/uniwersalna-alba-komunijna/#breadcrumb","itemListElement":[{"@type":"ListItem","position":1,"name":"Strona główna","item":"https://grapil.pl/"},{"@type":"ListItem","position":2,"name":"sklep","item":"https://grapil.pl/sklep/"},{"@type":"ListItem","position":3,"name":"Uniwersalna alba komunijna"}]},{"@type":"WebSite","@id":"https://grapil.pl/#website","url":"https://grapil.pl/","name":"Grapil.pl – Profesjonalna Odzież Służbowa dla Branży Kelnerskiej, HoReCa i Medycyny","description":"","potentialAction":[{"@type":"SearchAction","target":{"@type":"EntryPoint","urlTemplate":"https://grapil.pl/?s={search_term_string}"},"query-input":{"@type":"PropertyValueSpecification","valueRequired":true,"valueName":"search_term_string"}}],"inLanguage":"en-GB"}]}</script>
<!-- / Yoast SEO plugin. -->

Uniwersalna alba komunijna - Grapil.pl – Profesjonalna Odzież Służbowa dla Branży Kelnerskiej, HoReCa i Medycyny

Krój naszej alby jest ponadczasowy, elegancki i prosty dzięki czemu zapewnia nie tylko doskonały wygląd ale również wygodę użytkowania. Alba nie krępuje ruchów

Grapil.pl – Profesjonalna Odzież Służbowa dla Branży Kelnerskiej, HoReCa i Medycyny

Strona główna
