{"id":18067,"date":"2025-04-09T17:35:49","date_gmt":"2025-04-09T15:35:49","guid":{"rendered":"https:\/\/grapil.pl\/produkt\/dziewczeca-alba-komunijna\/"},"modified":"2025-04-09T17:35:53","modified_gmt":"2025-04-09T15:35:53","slug":"girls-communion-alb","status":"publish","type":"product","link":"https:\/\/grapil.pl\/en\/product\/girls-communion-alb\/","title":{"rendered":"Girls&#039; communion alb"},"content":{"rendered":"<p>The cut of our alb is\u00a0<strong>timeless, elegant and simple<\/strong>\u00a0thanks to which it not only provides a perfect look but also\u00a0<strong>convenience of use<\/strong>. Alba does not restrict the child&#039;s movements, thanks to appropriately selected materials it fits without any problems regardless of the child&#039;s figure.<\/p>\n<p>Presented\u00a0<strong>COMMUNION ALB<\/strong>\u00a0this is a model\u00a0<strong>girlish<\/strong>, is equipped with an elegant\u00a0<strong>a cape<\/strong>, decorated with golden liturgical ribbon which we also used to decorate the sleeves and the bottom of the alb. The set also includes\u00a0<strong>elegant<\/strong>\u00a0<strong>cord\u00a0<\/strong>in gold or white<strong>,\u00a0<\/strong>the choice is yours and\u00a0<strong>sewn host<\/strong>\u00a0in white. The gold host is subject to an additional fee.<br \/><strong>The albs we produce have a little looseness in the waist, so after tying the string they fit very nicely.<\/strong>.<\/p>\n<p><strong>Albs are made to measure<\/strong>\u00a0according to the dimensions provided by the customer without specifying the allowance used in the waist. Please measure your child carefully and provide the actual measurement.<\/p>\n<div class=\"_1bo4a _xu6h2 _1ylmp _2d49e_YrWCD\">\n<div class=\"_1voj4 _z9prt _1xzdi _ai5yc _5d6n2 _15lj1\">\n<div class=\"_4lbi0 _6kfrx _ur8qq _u5o1q _1xm8p _1agsg\">\n<div class=\"_18vat _10a7o _1yhvf _7ccvy\">\n<div class=\"_1fwkl\">\n<div class=\"_1bo4a _xu6h2 _1ylmp _2d49e_YrWCD\">\n<div class=\"_1voj4 _z9prt _1xzdi _ai5yc _5d6n2 _15lj1\">\n<div class=\"_4lbi0 _6kfrx _ur8qq _u5o1q _1xm8p _1agsg\">\n<div class=\"_18vat _10a7o _1yhvf _7ccvy\">\n<div class=\"_1fwkl\"><img decoding=\"async\" alt=\"\" src=\"https:\/\/a.allegroimg.com\/original\/110390\/bf42939a4bbbade2ed4036d26ce1\" \/><\/div>\n<\/p><\/div>\n<\/p><\/div>\n<\/p><\/div>\n<\/p><\/div>\n<\/p><\/div>\n<div class=\"_1fwkl\"><span style=\"font-size:18pt;\">Please provide the exact dimensions and choose the color of the host:<\/span><\/div>\n<\/p><\/div>\n<\/p><\/div>\n<\/p><\/div>\n<\/p><\/div>\n<div class=\"_1bo4a _xu6h2 _1ylmp _2d49e_YrWCD\">\n<div class=\"_1voj4 _z9prt _1xzdi _ai5yc _5d6n2 _15lj1\">\n<div class=\"_2d49e_5pK0q\">\n<ol>\n<li>White host and gold cord<\/li>\n<li>Golden Host and Golden Cord (additional charge)<\/li>\n<\/ol>\n<h1>The cost of a custom size alb (made to measure) is +30% from the net price<\/h1>\n<h1><img fetchpriority=\"high\" decoding=\"async\" alt=\"\" height=\"1092\" src=\"\/userdata\/public\/assets\/\/tabela%20alby.jpg\" width=\"1092\" \/><\/h1>\n<\/p><\/div>\n<\/p><\/div>\n<\/p><\/div>","protected":false},"excerpt":{"rendered":"<p>The cut of our alb is timeless, elegant and simple, which ensures not only a perfect look but also comfort of use. The alb does not restrict movement<\/p>","protected":false},"featured_media":18069,"template":"","meta":[],"product_brand":[127],"product_cat":[144],"product_tag":[],"class_list":{"0":"post-18067","1":"product","2":"type-product","3":"status-publish","4":"has-post-thumbnail","6":"product_brand-produkt-na-zamowienie","7":"product_cat-ubrania-komunijne","9":"first","10":"instock","11":"product-type-simple"},"yoast_head":"<!-- This site is optimized with the Yoast SEO plugin v25.3 - https:\/\/yoast.com\/wordpress\/plugins\/seo\/ -->\n<title>Dziewcz\u0119ca alba komunijna - Grapil.pl \u2013 Profesjonalna Odzie\u017c S\u0142u\u017cbowa dla Bran\u017cy Kelnerskiej, HoReCa i Medycyny<\/title>\n<meta name=\"robots\" content=\"index, follow, max-snippet:-1, max-image-preview:large, max-video-preview:-1\" \/>\n<link rel=\"canonical\" href=\"https:\/\/grapil.pl\/en\/product\/girls-communion-alb\/\" \/>\n<meta property=\"og:locale\" content=\"en_GB\" \/>\n<meta property=\"og:type\" content=\"article\" \/>\n<meta property=\"og:title\" content=\"Dziewcz\u0119ca alba komunijna - Grapil.pl \u2013 Profesjonalna Odzie\u017c S\u0142u\u017cbowa dla Bran\u017cy Kelnerskiej, HoReCa i Medycyny\" \/>\n<meta property=\"og:description\" content=\"Kr\u00f3j naszej alby jest\u00a0ponadczasowy, elegancki i prosty\u00a0dzi\u0119ki czemu zapewnia nie tylko doskona\u0142y wygl\u0105d ale r\u00f3wnie\u017c\u00a0wygod\u0119 u\u017cytkowania. Alba nie kr\u0119puje ruch\u00f3w\" \/>\n<meta property=\"og:url\" content=\"https:\/\/grapil.pl\/en\/product\/girls-communion-alb\/\" \/>\n<meta property=\"og:site_name\" content=\"Grapil.pl \u2013 Profesjonalna Odzie\u017c S\u0142u\u017cbowa dla Bran\u017cy Kelnerskiej, HoReCa i Medycyny\" \/>\n<meta property=\"article:modified_time\" content=\"2025-04-09T15:35:53+00:00\" \/>\n<meta property=\"og:image\" content=\"https:\/\/grapil.pl\/wp-content\/uploads\/2025\/04\/4466.jpg\" \/>\n\t<meta property=\"og:image:width\" content=\"1500\" \/>\n\t<meta property=\"og:image:height\" content=\"1500\" \/>\n\t<meta property=\"og:image:type\" content=\"image\/jpeg\" \/>\n<meta name=\"twitter:card\" content=\"summary_large_image\" \/>\n<meta name=\"twitter:label1\" content=\"Estimated reading time\" \/>\n\t<meta name=\"twitter:data1\" content=\"1 minute\" \/>\n<script type=\"application\/ld+json\" class=\"yoast-schema-graph\">{\"@context\":\"https:\/\/schema.org\",\"@graph\":[{\"@type\":\"WebPage\",\"@id\":\"https:\/\/grapil.pl\/produkt\/dziewczeca-alba-komunijna\/\",\"url\":\"https:\/\/grapil.pl\/produkt\/dziewczeca-alba-komunijna\/\",\"name\":\"Dziewcz\u0119ca alba komunijna - Grapil.pl \u2013 Profesjonalna Odzie\u017c S\u0142u\u017cbowa dla Bran\u017cy Kelnerskiej, HoReCa i Medycyny\",\"isPartOf\":{\"@id\":\"https:\/\/grapil.pl\/#website\"},\"primaryImageOfPage\":{\"@id\":\"https:\/\/grapil.pl\/produkt\/dziewczeca-alba-komunijna\/#primaryimage\"},\"image\":{\"@id\":\"https:\/\/grapil.pl\/produkt\/dziewczeca-alba-komunijna\/#primaryimage\"},\"thumbnailUrl\":\"https:\/\/grapil.pl\/wp-content\/uploads\/2025\/04\/4466.jpg\",\"datePublished\":\"2025-04-09T15:35:49+00:00\",\"dateModified\":\"2025-04-09T15:35:53+00:00\",\"breadcrumb\":{\"@id\":\"https:\/\/grapil.pl\/produkt\/dziewczeca-alba-komunijna\/#breadcrumb\"},\"inLanguage\":\"en-GB\",\"potentialAction\":[{\"@type\":\"ReadAction\",\"target\":[\"https:\/\/grapil.pl\/produkt\/dziewczeca-alba-komunijna\/\"]}]},{\"@type\":\"ImageObject\",\"inLanguage\":\"en-GB\",\"@id\":\"https:\/\/grapil.pl\/produkt\/dziewczeca-alba-komunijna\/#primaryimage\",\"url\":\"https:\/\/grapil.pl\/wp-content\/uploads\/2025\/04\/4466.jpg\",\"contentUrl\":\"https:\/\/grapil.pl\/wp-content\/uploads\/2025\/04\/4466.jpg\",\"width\":1500,\"height\":1500},{\"@type\":\"BreadcrumbList\",\"@id\":\"https:\/\/grapil.pl\/produkt\/dziewczeca-alba-komunijna\/#breadcrumb\",\"itemListElement\":[{\"@type\":\"ListItem\",\"position\":1,\"name\":\"Strona g\u0142\u00f3wna\",\"item\":\"https:\/\/grapil.pl\/\"},{\"@type\":\"ListItem\",\"position\":2,\"name\":\"sklep\",\"item\":\"https:\/\/grapil.pl\/sklep\/\"},{\"@type\":\"ListItem\",\"position\":3,\"name\":\"Dziewcz\u0119ca alba komunijna\"}]},{\"@type\":\"WebSite\",\"@id\":\"https:\/\/grapil.pl\/#website\",\"url\":\"https:\/\/grapil.pl\/\",\"name\":\"Grapil.pl \u2013 Profesjonalna Odzie\u017c S\u0142u\u017cbowa dla Bran\u017cy Kelnerskiej, HoReCa i Medycyny\",\"description\":\"\",\"potentialAction\":[{\"@type\":\"SearchAction\",\"target\":{\"@type\":\"EntryPoint\",\"urlTemplate\":\"https:\/\/grapil.pl\/?s={search_term_string}\"},\"query-input\":{\"@type\":\"PropertyValueSpecification\",\"valueRequired\":true,\"valueName\":\"search_term_string\"}}],\"inLanguage\":\"en-GB\"}]}<\/script>\n<!-- \/ Yoast SEO plugin. -->","yoast_head_json":{"title":"Dziewcz\u0119ca alba komunijna - Grapil.pl \u2013 Profesjonalna Odzie\u017c S\u0142u\u017cbowa dla Bran\u017cy Kelnerskiej, HoReCa i Medycyny","robots":{"index":"index","follow":"follow","max-snippet":"max-snippet:-1","max-image-preview":"max-image-preview:large","max-video-preview":"max-video-preview:-1"},"canonical":"https:\/\/grapil.pl\/en\/product\/girls-communion-alb\/","og_locale":"en_GB","og_type":"article","og_title":"Dziewcz\u0119ca alba komunijna - Grapil.pl \u2013 Profesjonalna Odzie\u017c S\u0142u\u017cbowa dla Bran\u017cy Kelnerskiej, HoReCa i Medycyny","og_description":"Kr\u00f3j naszej alby jest\u00a0ponadczasowy, elegancki i prosty\u00a0dzi\u0119ki czemu zapewnia nie tylko doskona\u0142y wygl\u0105d ale r\u00f3wnie\u017c\u00a0wygod\u0119 u\u017cytkowania. Alba nie kr\u0119puje ruch\u00f3w","og_url":"https:\/\/grapil.pl\/en\/product\/girls-communion-alb\/","og_site_name":"Grapil.pl \u2013 Profesjonalna Odzie\u017c S\u0142u\u017cbowa dla Bran\u017cy Kelnerskiej, HoReCa i Medycyny","article_modified_time":"2025-04-09T15:35:53+00:00","og_image":[{"width":1500,"height":1500,"url":"https:\/\/grapil.pl\/wp-content\/uploads\/2025\/04\/4466.jpg","type":"image\/jpeg"}],"twitter_card":"summary_large_image","twitter_misc":{"Estimated reading time":"1 minute"},"schema":{"@context":"https:\/\/schema.org","@graph":[{"@type":"WebPage","@id":"https:\/\/grapil.pl\/produkt\/dziewczeca-alba-komunijna\/","url":"https:\/\/grapil.pl\/produkt\/dziewczeca-alba-komunijna\/","name":"Dziewcz\u0119ca alba komunijna - Grapil.pl \u2013 Profesjonalna Odzie\u017c S\u0142u\u017cbowa dla Bran\u017cy Kelnerskiej, HoReCa i Medycyny","isPartOf":{"@id":"https:\/\/grapil.pl\/#website"},"primaryImageOfPage":{"@id":"https:\/\/grapil.pl\/produkt\/dziewczeca-alba-komunijna\/#primaryimage"},"image":{"@id":"https:\/\/grapil.pl\/produkt\/dziewczeca-alba-komunijna\/#primaryimage"},"thumbnailUrl":"https:\/\/grapil.pl\/wp-content\/uploads\/2025\/04\/4466.jpg","datePublished":"2025-04-09T15:35:49+00:00","dateModified":"2025-04-09T15:35:53+00:00","breadcrumb":{"@id":"https:\/\/grapil.pl\/produkt\/dziewczeca-alba-komunijna\/#breadcrumb"},"inLanguage":"en-GB","potentialAction":[{"@type":"ReadAction","target":["https:\/\/grapil.pl\/produkt\/dziewczeca-alba-komunijna\/"]}]},{"@type":"ImageObject","inLanguage":"en-GB","@id":"https:\/\/grapil.pl\/produkt\/dziewczeca-alba-komunijna\/#primaryimage","url":"https:\/\/grapil.pl\/wp-content\/uploads\/2025\/04\/4466.jpg","contentUrl":"https:\/\/grapil.pl\/wp-content\/uploads\/2025\/04\/4466.jpg","width":1500,"height":1500},{"@type":"BreadcrumbList","@id":"https:\/\/grapil.pl\/produkt\/dziewczeca-alba-komunijna\/#breadcrumb","itemListElement":[{"@type":"ListItem","position":1,"name":"Strona g\u0142\u00f3wna","item":"https:\/\/grapil.pl\/"},{"@type":"ListItem","position":2,"name":"sklep","item":"https:\/\/grapil.pl\/sklep\/"},{"@type":"ListItem","position":3,"name":"Dziewcz\u0119ca alba komunijna"}]},{"@type":"WebSite","@id":"https:\/\/grapil.pl\/#website","url":"https:\/\/grapil.pl\/","name":"Grapil.pl \u2013 Profesjonalna Odzie\u017c S\u0142u\u017cbowa dla Bran\u017cy Kelnerskiej, HoReCa i Medycyny","description":"","potentialAction":[{"@type":"SearchAction","target":{"@type":"EntryPoint","urlTemplate":"https:\/\/grapil.pl\/?s={search_term_string}"},"query-input":{"@type":"PropertyValueSpecification","valueRequired":true,"valueName":"search_term_string"}}],"inLanguage":"en-GB"}]}},"_links":{"self":[{"href":"https:\/\/grapil.pl\/en\/wp-json\/wp\/v2\/product\/18067","targetHints":{"allow":["GET"]}}],"collection":[{"href":"https:\/\/grapil.pl\/en\/wp-json\/wp\/v2\/product"}],"about":[{"href":"https:\/\/grapil.pl\/en\/wp-json\/wp\/v2\/types\/product"}],"version-history":[{"count":1,"href":"https:\/\/grapil.pl\/en\/wp-json\/wp\/v2\/product\/18067\/revisions"}],"predecessor-version":[{"id":18068,"href":"https:\/\/grapil.pl\/en\/wp-json\/wp\/v2\/product\/18067\/revisions\/18068"}],"wp:featuredmedia":[{"embeddable":true,"href":"https:\/\/grapil.pl\/en\/wp-json\/wp\/v2\/media\/18069"}],"wp:attachment":[{"href":"https:\/\/grapil.pl\/en\/wp-json\/wp\/v2\/media?parent=18067"}],"wp:term":[{"taxonomy":"product_brand","embeddable":true,"href":"https:\/\/grapil.pl\/en\/wp-json\/wp\/v2\/product_brand?post=18067"},{"taxonomy":"product_cat","embeddable":true,"href":"https:\/\/grapil.pl\/en\/wp-json\/wp\/v2\/product_cat?post=18067"},{"taxonomy":"product_tag","embeddable":true,"href":"https:\/\/grapil.pl\/en\/wp-json\/wp\/v2\/product_tag?post=18067"}],"curies":[{"name":"wp","href":"https:\/\/api.w.org\/{rel}","templated":true}]}}

<!-- This site is optimized with the Yoast SEO plugin v25.3 - https://yoast.com/wordpress/plugins/seo/ -->
<title>Dziewczęca alba komunijna - Grapil.pl – Profesjonalna Odzież Służbowa dla Branży Kelnerskiej, HoReCa i Medycyny</title>
<meta name="robots" content="index, follow, max-snippet:-1, max-image-preview:large, max-video-preview:-1" />
<link rel="canonical" href="https://grapil.pl/en/product/girls-communion-alb/" />
<meta property="og:locale" content="en_GB" />
<meta property="og:type" content="article" />
<meta property="og:title" content="Dziewczęca alba komunijna - Grapil.pl – Profesjonalna Odzież Służbowa dla Branży Kelnerskiej, HoReCa i Medycyny" />
<meta property="og:description" content="Krój naszej alby jest ponadczasowy, elegancki i prosty dzięki czemu zapewnia nie tylko doskonały wygląd ale również wygodę użytkowania. Alba nie krępuje ruchów" />
<meta property="og:url" content="https://grapil.pl/en/product/girls-communion-alb/" />
<meta property="og:site_name" content="Grapil.pl – Profesjonalna Odzież Służbowa dla Branży Kelnerskiej, HoReCa i Medycyny" />
<meta property="article:modified_time" content="2025-04-09T15:35:53+00:00" />
<meta property="og:image" content="https://grapil.pl/wp-content/uploads/2025/04/4466.jpg" />
	<meta property="og:image:width" content="1500" />
	<meta property="og:image:height" content="1500" />
	<meta property="og:image:type" content="image/jpeg" />
<meta name="twitter:card" content="summary_large_image" />
<meta name="twitter:label1" content="Estimated reading time" />
	<meta name="twitter:data1" content="1 minute" />
<script type="application/ld+json" class="yoast-schema-graph">{"@context":"https://schema.org","@graph":[{"@type":"WebPage","@id":"https://grapil.pl/produkt/dziewczeca-alba-komunijna/","url":"https://grapil.pl/produkt/dziewczeca-alba-komunijna/","name":"Dziewczęca alba komunijna - Grapil.pl – Profesjonalna Odzież Służbowa dla Branży Kelnerskiej, HoReCa i Medycyny","isPartOf":{"@id":"https://grapil.pl/#website"},"primaryImageOfPage":{"@id":"https://grapil.pl/produkt/dziewczeca-alba-komunijna/#primaryimage"},"image":{"@id":"https://grapil.pl/produkt/dziewczeca-alba-komunijna/#primaryimage"},"thumbnailUrl":"https://grapil.pl/wp-content/uploads/2025/04/4466.jpg","datePublished":"2025-04-09T15:35:49+00:00","dateModified":"2025-04-09T15:35:53+00:00","breadcrumb":{"@id":"https://grapil.pl/produkt/dziewczeca-alba-komunijna/#breadcrumb"},"inLanguage":"en-GB","potentialAction":[{"@type":"ReadAction","target":["https://grapil.pl/produkt/dziewczeca-alba-komunijna/"]}]},{"@type":"ImageObject","inLanguage":"en-GB","@id":"https://grapil.pl/produkt/dziewczeca-alba-komunijna/#primaryimage","url":"https://grapil.pl/wp-content/uploads/2025/04/4466.jpg","contentUrl":"https://grapil.pl/wp-content/uploads/2025/04/4466.jpg","width":1500,"height":1500},{"@type":"BreadcrumbList","@id":"https://grapil.pl/produkt/dziewczeca-alba-komunijna/#breadcrumb","itemListElement":[{"@type":"ListItem","position":1,"name":"Strona główna","item":"https://grapil.pl/"},{"@type":"ListItem","position":2,"name":"sklep","item":"https://grapil.pl/sklep/"},{"@type":"ListItem","position":3,"name":"Dziewczęca alba komunijna"}]},{"@type":"WebSite","@id":"https://grapil.pl/#website","url":"https://grapil.pl/","name":"Grapil.pl – Profesjonalna Odzież Służbowa dla Branży Kelnerskiej, HoReCa i Medycyny","description":"","potentialAction":[{"@type":"SearchAction","target":{"@type":"EntryPoint","urlTemplate":"https://grapil.pl/?s={search_term_string}"},"query-input":{"@type":"PropertyValueSpecification","valueRequired":true,"valueName":"search_term_string"}}],"inLanguage":"en-GB"}]}</script>
<!-- / Yoast SEO plugin. -->

Dziewczęca alba komunijna - Grapil.pl – Profesjonalna Odzież Służbowa dla Branży Kelnerskiej, HoReCa i Medycyny

Krój naszej alby jest ponadczasowy, elegancki i prosty dzięki czemu zapewnia nie tylko doskonały wygląd ale również wygodę użytkowania. Alba nie krępuje ruchów

Grapil.pl – Profesjonalna Odzież Służbowa dla Branży Kelnerskiej, HoReCa i Medycyny

Strona główna

Dziewczęca alba komunijna
