{"id":18975,"date":"2025-04-09T17:40:01","date_gmt":"2025-04-09T15:40:01","guid":{"rendered":"https:\/\/grapil.pl\/produkt\/kominiarka-dziana-czarna\/"},"modified":"2025-10-13T08:01:43","modified_gmt":"2025-10-13T06:01:43","slug":"black-knitted-balaclava","status":"publish","type":"product","link":"https:\/\/grapil.pl\/en\/product\/black-knitted-balaclava\/","title":{"rendered":"Knitted balaclava black"},"content":{"rendered":"<div class=\"_1voj4 _z9prt _1xzdi _ai5yc _5d6n2 _15lj1\">\n<div class=\"_2d49e_5pK0q\">\n<h1>Balaclava hat<\/h1>\n<p>Balaclava with three holes for the mouth and eyes, thanks to which it perfectly protects the head and neck from frost and wind.<\/p>\n<p>Material:<\/p>\n<ul>\n<li>100% acrylic<\/li>\n<\/ul>\n<p>Color: black<\/p>\n<\/div>\n<\/div>","protected":false},"excerpt":{"rendered":"<div class=\"_1voj4 _z9prt _1xzdi _ai5yc _5d6n2 _15lj1\">\n<div class=\"_2d49e_5pK0q\">\n<h1>Balaclava hat<\/h1>\n<p>Balaclava with three holes for the mouth and eyes, thanks to which it perfectly protects the head and neck from frost and wind.<\/p>\n<p>Material:<\/p>\n<ul>\n<li>100% acrylic<\/li>\n<\/ul>\n<p>Color: black<\/p>\n<\/div>\n<\/div>\n<div class=\"_1voj4 _z9prt _1xzdi _ai5yc _5d6n2 _15lj1\"><\/div>","protected":false},"featured_media":18977,"template":"","meta":[],"product_brand":[91],"product_cat":[86,111,112],"product_tag":[],"class_list":{"0":"post-18975","1":"product","2":"type-product","3":"status-publish","4":"has-post-thumbnail","6":"product_brand-artmas","7":"product_cat-sklepbhp","8":"product_cat-srodki-ochrony-indywidualnej","9":"product_cat-ochrona-glowy","11":"first","12":"instock","13":"product-type-simple"},"yoast_head":"<!-- This site is optimized with the Yoast SEO plugin v25.3 - https:\/\/yoast.com\/wordpress\/plugins\/seo\/ -->\n<title>Kominiarka dziana czarna - Grapil.pl \u2013 Profesjonalna Odzie\u017c S\u0142u\u017cbowa dla Bran\u017cy Kelnerskiej, HoReCa i Medycyny<\/title>\n<meta name=\"robots\" content=\"index, follow, max-snippet:-1, max-image-preview:large, max-video-preview:-1\" \/>\n<link rel=\"canonical\" href=\"https:\/\/grapil.pl\/en\/product\/black-knitted-balaclava\/\" \/>\n<meta property=\"og:locale\" content=\"en_GB\" \/>\n<meta property=\"og:type\" content=\"article\" \/>\n<meta property=\"og:title\" content=\"Kominiarka dziana czarna - Grapil.pl \u2013 Profesjonalna Odzie\u017c S\u0142u\u017cbowa dla Bran\u017cy Kelnerskiej, HoReCa i Medycyny\" \/>\n<meta property=\"og:description\" content=\"Czapka kominiarka Kominiarka z trzema otworami na usta i oczy, dzi\u0119ki czemu doskonale chroni g\u0142ow\u0119 oraz szyj\u0119 przed mrozem i wiatrem.  Materia\u0142:   100% akryl  Kolor: czarny\" \/>\n<meta property=\"og:url\" content=\"https:\/\/grapil.pl\/en\/product\/black-knitted-balaclava\/\" \/>\n<meta property=\"og:site_name\" content=\"Grapil.pl \u2013 Profesjonalna Odzie\u017c S\u0142u\u017cbowa dla Bran\u017cy Kelnerskiej, HoReCa i Medycyny\" \/>\n<meta property=\"article:modified_time\" content=\"2025-10-13T06:01:43+00:00\" \/>\n<meta property=\"og:image\" content=\"https:\/\/grapil.pl\/wp-content\/uploads\/2025\/04\/10442.jpg\" \/>\n\t<meta property=\"og:image:width\" content=\"700\" \/>\n\t<meta property=\"og:image:height\" content=\"700\" \/>\n\t<meta property=\"og:image:type\" content=\"image\/jpeg\" \/>\n<meta name=\"twitter:card\" content=\"summary_large_image\" \/>\n<meta name=\"twitter:label1\" content=\"Estimated reading time\" \/>\n\t<meta name=\"twitter:data1\" content=\"1 minute\" \/>\n<script type=\"application\/ld+json\" class=\"yoast-schema-graph\">{\"@context\":\"https:\/\/schema.org\",\"@graph\":[{\"@type\":\"WebPage\",\"@id\":\"https:\/\/grapil.pl\/produkt\/kominiarka-dziana-czarna\/\",\"url\":\"https:\/\/grapil.pl\/produkt\/kominiarka-dziana-czarna\/\",\"name\":\"Kominiarka dziana czarna - Grapil.pl \u2013 Profesjonalna Odzie\u017c S\u0142u\u017cbowa dla Bran\u017cy Kelnerskiej, HoReCa i Medycyny\",\"isPartOf\":{\"@id\":\"https:\/\/grapil.pl\/#website\"},\"primaryImageOfPage\":{\"@id\":\"https:\/\/grapil.pl\/produkt\/kominiarka-dziana-czarna\/#primaryimage\"},\"image\":{\"@id\":\"https:\/\/grapil.pl\/produkt\/kominiarka-dziana-czarna\/#primaryimage\"},\"thumbnailUrl\":\"https:\/\/grapil.pl\/wp-content\/uploads\/2025\/04\/10442.jpg\",\"datePublished\":\"2025-04-09T15:40:01+00:00\",\"dateModified\":\"2025-10-13T06:01:43+00:00\",\"breadcrumb\":{\"@id\":\"https:\/\/grapil.pl\/produkt\/kominiarka-dziana-czarna\/#breadcrumb\"},\"inLanguage\":\"en-GB\",\"potentialAction\":[{\"@type\":\"ReadAction\",\"target\":[\"https:\/\/grapil.pl\/produkt\/kominiarka-dziana-czarna\/\"]}]},{\"@type\":\"ImageObject\",\"inLanguage\":\"en-GB\",\"@id\":\"https:\/\/grapil.pl\/produkt\/kominiarka-dziana-czarna\/#primaryimage\",\"url\":\"https:\/\/grapil.pl\/wp-content\/uploads\/2025\/04\/10442.jpg\",\"contentUrl\":\"https:\/\/grapil.pl\/wp-content\/uploads\/2025\/04\/10442.jpg\",\"width\":700,\"height\":700},{\"@type\":\"BreadcrumbList\",\"@id\":\"https:\/\/grapil.pl\/produkt\/kominiarka-dziana-czarna\/#breadcrumb\",\"itemListElement\":[{\"@type\":\"ListItem\",\"position\":1,\"name\":\"Strona g\u0142\u00f3wna\",\"item\":\"https:\/\/grapil.pl\/\"},{\"@type\":\"ListItem\",\"position\":2,\"name\":\"sklep\",\"item\":\"https:\/\/grapil.pl\/sklep\/\"},{\"@type\":\"ListItem\",\"position\":3,\"name\":\"Kominiarka dziana czarna\"}]},{\"@type\":\"WebSite\",\"@id\":\"https:\/\/grapil.pl\/#website\",\"url\":\"https:\/\/grapil.pl\/\",\"name\":\"Grapil.pl \u2013 Profesjonalna Odzie\u017c S\u0142u\u017cbowa dla Bran\u017cy Kelnerskiej, HoReCa i Medycyny\",\"description\":\"\",\"potentialAction\":[{\"@type\":\"SearchAction\",\"target\":{\"@type\":\"EntryPoint\",\"urlTemplate\":\"https:\/\/grapil.pl\/?s={search_term_string}\"},\"query-input\":{\"@type\":\"PropertyValueSpecification\",\"valueRequired\":true,\"valueName\":\"search_term_string\"}}],\"inLanguage\":\"en-GB\"}]}<\/script>\n<!-- \/ Yoast SEO plugin. -->","yoast_head_json":{"title":"Kominiarka dziana czarna - Grapil.pl \u2013 Profesjonalna Odzie\u017c S\u0142u\u017cbowa dla Bran\u017cy Kelnerskiej, HoReCa i Medycyny","robots":{"index":"index","follow":"follow","max-snippet":"max-snippet:-1","max-image-preview":"max-image-preview:large","max-video-preview":"max-video-preview:-1"},"canonical":"https:\/\/grapil.pl\/en\/product\/black-knitted-balaclava\/","og_locale":"en_GB","og_type":"article","og_title":"Kominiarka dziana czarna - Grapil.pl \u2013 Profesjonalna Odzie\u017c S\u0142u\u017cbowa dla Bran\u017cy Kelnerskiej, HoReCa i Medycyny","og_description":"Czapka kominiarka Kominiarka z trzema otworami na usta i oczy, dzi\u0119ki czemu doskonale chroni g\u0142ow\u0119 oraz szyj\u0119 przed mrozem i wiatrem.  Materia\u0142:   100% akryl  Kolor: czarny","og_url":"https:\/\/grapil.pl\/en\/product\/black-knitted-balaclava\/","og_site_name":"Grapil.pl \u2013 Profesjonalna Odzie\u017c S\u0142u\u017cbowa dla Bran\u017cy Kelnerskiej, HoReCa i Medycyny","article_modified_time":"2025-10-13T06:01:43+00:00","og_image":[{"width":700,"height":700,"url":"https:\/\/grapil.pl\/wp-content\/uploads\/2025\/04\/10442.jpg","type":"image\/jpeg"}],"twitter_card":"summary_large_image","twitter_misc":{"Estimated reading time":"1 minute"},"schema":{"@context":"https:\/\/schema.org","@graph":[{"@type":"WebPage","@id":"https:\/\/grapil.pl\/produkt\/kominiarka-dziana-czarna\/","url":"https:\/\/grapil.pl\/produkt\/kominiarka-dziana-czarna\/","name":"Kominiarka dziana czarna - Grapil.pl \u2013 Profesjonalna Odzie\u017c S\u0142u\u017cbowa dla Bran\u017cy Kelnerskiej, HoReCa i Medycyny","isPartOf":{"@id":"https:\/\/grapil.pl\/#website"},"primaryImageOfPage":{"@id":"https:\/\/grapil.pl\/produkt\/kominiarka-dziana-czarna\/#primaryimage"},"image":{"@id":"https:\/\/grapil.pl\/produkt\/kominiarka-dziana-czarna\/#primaryimage"},"thumbnailUrl":"https:\/\/grapil.pl\/wp-content\/uploads\/2025\/04\/10442.jpg","datePublished":"2025-04-09T15:40:01+00:00","dateModified":"2025-10-13T06:01:43+00:00","breadcrumb":{"@id":"https:\/\/grapil.pl\/produkt\/kominiarka-dziana-czarna\/#breadcrumb"},"inLanguage":"en-GB","potentialAction":[{"@type":"ReadAction","target":["https:\/\/grapil.pl\/produkt\/kominiarka-dziana-czarna\/"]}]},{"@type":"ImageObject","inLanguage":"en-GB","@id":"https:\/\/grapil.pl\/produkt\/kominiarka-dziana-czarna\/#primaryimage","url":"https:\/\/grapil.pl\/wp-content\/uploads\/2025\/04\/10442.jpg","contentUrl":"https:\/\/grapil.pl\/wp-content\/uploads\/2025\/04\/10442.jpg","width":700,"height":700},{"@type":"BreadcrumbList","@id":"https:\/\/grapil.pl\/produkt\/kominiarka-dziana-czarna\/#breadcrumb","itemListElement":[{"@type":"ListItem","position":1,"name":"Strona g\u0142\u00f3wna","item":"https:\/\/grapil.pl\/"},{"@type":"ListItem","position":2,"name":"sklep","item":"https:\/\/grapil.pl\/sklep\/"},{"@type":"ListItem","position":3,"name":"Kominiarka dziana czarna"}]},{"@type":"WebSite","@id":"https:\/\/grapil.pl\/#website","url":"https:\/\/grapil.pl\/","name":"Grapil.pl \u2013 Profesjonalna Odzie\u017c S\u0142u\u017cbowa dla Bran\u017cy Kelnerskiej, HoReCa i Medycyny","description":"","potentialAction":[{"@type":"SearchAction","target":{"@type":"EntryPoint","urlTemplate":"https:\/\/grapil.pl\/?s={search_term_string}"},"query-input":{"@type":"PropertyValueSpecification","valueRequired":true,"valueName":"search_term_string"}}],"inLanguage":"en-GB"}]}},"_links":{"self":[{"href":"https:\/\/grapil.pl\/en\/wp-json\/wp\/v2\/product\/18975","targetHints":{"allow":["GET"]}}],"collection":[{"href":"https:\/\/grapil.pl\/en\/wp-json\/wp\/v2\/product"}],"about":[{"href":"https:\/\/grapil.pl\/en\/wp-json\/wp\/v2\/types\/product"}],"version-history":[{"count":2,"href":"https:\/\/grapil.pl\/en\/wp-json\/wp\/v2\/product\/18975\/revisions"}],"predecessor-version":[{"id":25604,"href":"https:\/\/grapil.pl\/en\/wp-json\/wp\/v2\/product\/18975\/revisions\/25604"}],"wp:featuredmedia":[{"embeddable":true,"href":"https:\/\/grapil.pl\/en\/wp-json\/wp\/v2\/media\/18977"}],"wp:attachment":[{"href":"https:\/\/grapil.pl\/en\/wp-json\/wp\/v2\/media?parent=18975"}],"wp:term":[{"taxonomy":"product_brand","embeddable":true,"href":"https:\/\/grapil.pl\/en\/wp-json\/wp\/v2\/product_brand?post=18975"},{"taxonomy":"product_cat","embeddable":true,"href":"https:\/\/grapil.pl\/en\/wp-json\/wp\/v2\/product_cat?post=18975"},{"taxonomy":"product_tag","embeddable":true,"href":"https:\/\/grapil.pl\/en\/wp-json\/wp\/v2\/product_tag?post=18975"}],"curies":[{"name":"wp","href":"https:\/\/api.w.org\/{rel}","templated":true}]}}

<!-- This site is optimized with the Yoast SEO plugin v25.3 - https://yoast.com/wordpress/plugins/seo/ -->
<title>Kominiarka dziana czarna - Grapil.pl – Profesjonalna Odzież Służbowa dla Branży Kelnerskiej, HoReCa i Medycyny</title>
<meta name="robots" content="index, follow, max-snippet:-1, max-image-preview:large, max-video-preview:-1" />
<link rel="canonical" href="https://grapil.pl/en/product/black-knitted-balaclava/" />
<meta property="og:locale" content="en_GB" />
<meta property="og:type" content="article" />
<meta property="og:title" content="Kominiarka dziana czarna - Grapil.pl – Profesjonalna Odzież Służbowa dla Branży Kelnerskiej, HoReCa i Medycyny" />
<meta property="og:description" content="Czapka kominiarka Kominiarka z trzema otworami na usta i oczy, dzięki czemu doskonale chroni głowę oraz szyję przed mrozem i wiatrem.  Materiał:   100% akryl  Kolor: czarny" />
<meta property="og:url" content="https://grapil.pl/en/product/black-knitted-balaclava/" />
<meta property="og:site_name" content="Grapil.pl – Profesjonalna Odzież Służbowa dla Branży Kelnerskiej, HoReCa i Medycyny" />
<meta property="article:modified_time" content="2025-10-13T06:01:43+00:00" />
<meta property="og:image" content="https://grapil.pl/wp-content/uploads/2025/04/10442.jpg" />
	<meta property="og:image:width" content="700" />
	<meta property="og:image:height" content="700" />
	<meta property="og:image:type" content="image/jpeg" />
<meta name="twitter:card" content="summary_large_image" />
<meta name="twitter:label1" content="Estimated reading time" />
	<meta name="twitter:data1" content="1 minute" />
<script type="application/ld+json" class="yoast-schema-graph">{"@context":"https://schema.org","@graph":[{"@type":"WebPage","@id":"https://grapil.pl/produkt/kominiarka-dziana-czarna/","url":"https://grapil.pl/produkt/kominiarka-dziana-czarna/","name":"Kominiarka dziana czarna - Grapil.pl – Profesjonalna Odzież Służbowa dla Branży Kelnerskiej, HoReCa i Medycyny","isPartOf":{"@id":"https://grapil.pl/#website"},"primaryImageOfPage":{"@id":"https://grapil.pl/produkt/kominiarka-dziana-czarna/#primaryimage"},"image":{"@id":"https://grapil.pl/produkt/kominiarka-dziana-czarna/#primaryimage"},"thumbnailUrl":"https://grapil.pl/wp-content/uploads/2025/04/10442.jpg","datePublished":"2025-04-09T15:40:01+00:00","dateModified":"2025-10-13T06:01:43+00:00","breadcrumb":{"@id":"https://grapil.pl/produkt/kominiarka-dziana-czarna/#breadcrumb"},"inLanguage":"en-GB","potentialAction":[{"@type":"ReadAction","target":["https://grapil.pl/produkt/kominiarka-dziana-czarna/"]}]},{"@type":"ImageObject","inLanguage":"en-GB","@id":"https://grapil.pl/produkt/kominiarka-dziana-czarna/#primaryimage","url":"https://grapil.pl/wp-content/uploads/2025/04/10442.jpg","contentUrl":"https://grapil.pl/wp-content/uploads/2025/04/10442.jpg","width":700,"height":700},{"@type":"BreadcrumbList","@id":"https://grapil.pl/produkt/kominiarka-dziana-czarna/#breadcrumb","itemListElement":[{"@type":"ListItem","position":1,"name":"Strona główna","item":"https://grapil.pl/"},{"@type":"ListItem","position":2,"name":"sklep","item":"https://grapil.pl/sklep/"},{"@type":"ListItem","position":3,"name":"Kominiarka dziana czarna"}]},{"@type":"WebSite","@id":"https://grapil.pl/#website","url":"https://grapil.pl/","name":"Grapil.pl – Profesjonalna Odzież Służbowa dla Branży Kelnerskiej, HoReCa i Medycyny","description":"","potentialAction":[{"@type":"SearchAction","target":{"@type":"EntryPoint","urlTemplate":"https://grapil.pl/?s={search_term_string}"},"query-input":{"@type":"PropertyValueSpecification","valueRequired":true,"valueName":"search_term_string"}}],"inLanguage":"en-GB"}]}</script>
<!-- / Yoast SEO plugin. -->

Kominiarka dziana czarna - Grapil.pl – Profesjonalna Odzież Służbowa dla Branży Kelnerskiej, HoReCa i Medycyny

Czapka kominiarka Kominiarka z trzema otworami na usta i oczy, dzięki czemu doskonale chroni głowę oraz szyję przed mrozem i wiatrem.  Materiał:   100% akryl  Kolor: czarny

Grapil.pl – Profesjonalna Odzież Służbowa dla Branży Kelnerskiej, HoReCa i Medycyny

Strona główna
